{"id":23631,"date":"2021-08-29T20:50:13","date_gmt":"2021-08-29T20:50:13","guid":{"rendered":"https:\/\/ledkaraib.fr\/?post_type=product&#038;p=23631"},"modified":"2021-08-29T20:50:17","modified_gmt":"2021-08-29T20:50:17","slug":"ideal-lux-ampoule-chrome","status":"publish","type":"product","link":"https:\/\/www.ledkaraib.com\/index.php\/produit\/ideal-lux-ampoule-chrome\/","title":{"rendered":"IDEAL LUX Ampoule CHROME"},"content":{"rendered":"<div id=\"ctl31_ctl01_Div3\" class=\"box_descrizione\">\n<h1 id=\"ctl31_ctl01_TitoloArt\" class=\"title_art\">LUCE CROMO SP1 SMALL<\/h1>\n<p id=\"ctl31_ctl01_FunzioneArt\" class=\"funzione\">Suspension<\/p>\n<p id=\"ctl31_ctl01_DescrizioneArt\" class=\"descrizione\">Monture en m\u00e9tal chrom\u00e9. Diffuseur en verre souffl\u00e9 transparent et chrom\u00e9 sur la partie sup\u00e9rieure. Suspensions avec cable en acier \u00e0 longueur r\u00e9glable par dispositif automatique.<\/p>\n<\/p><\/div>\n<div id=\"ctl31_ctl01_BoxDes\" class=\"box_descrittori\">\n<ul id=\"ctl31_ctl01_ctl00\" class=\"descrittori_raggruppamenti_first descrittori_raggruppamenti\">\n<li id=\"ctl31_ctl01_ctl00_ctl00\" class=\"first last\">\n<ul id=\"ctl31_ctl01_ctl00_ctl00_ctl01\" class=\"descrittori_elenco\">\n<li id=\"ctl31_ctl01_ctl00_ctl00_ctl01_ctl00\" class=\"first\">\n<div class=\"descrittore testo\"><span class=\"valori\"><span class=\"first\">CROMO \/ CHROME<\/span><\/span><\/div>\n<\/li>\n<li id=\"ctl31_ctl01_ctl00_ctl00_ctl01_ctl01\" class=\"alternate\">\n<div class=\"descrittore testo\"><span class=\"valori\"><span class=\"first\">\u00d8 22 x H min 39 \/ max 120 cm<\/span><\/span><\/div>\n<\/li>\n<li id=\"ctl31_ctl01_ctl00_ctl00_ctl01_ctl02\" class=\"last\">\n<div class=\"descrittore testo\"><span class=\"valori\"><span class=\"first\">max 1 x 60W E27 \/ 230V<\/span><\/span><\/div>\n<\/li>\n<\/ul>\n<\/li>\n<\/ul>\n<\/div>\n<ul id=\"ctl31_ctl01_ListaVarianti\" class=\"listavar\">\n<li id=\"ctl31_ctl01_ListaVarianti_ctl00\" class=\"first last\">\n<p id=\"ctl31_ctl01_ListaVarianti_ctl00_pvalori\" class=\"valori\"><span class=\"listavalorivariante\"><span class=\"articolovariantevalore\"><span class=\"iconsvariante\"><img decoding=\"async\" src=\"http:\/\/www.ideal-lux.com\/upload\/1\/images\/Icone\/PATCH_COLORE\/cromo.jpg\" alt=\"CROMO\" \/><\/span><span class=\"valorevariante\">CROMO<\/span><\/span><\/span><\/p>\n<div id=\"ctl31_ctl01_ListaVarianti_ctl00_VarianteBoxEan\" class=\"box_ean box_ean_var\"><span id=\"ctl31_ctl01_ListaVarianti_ctl00_VarianteEANLabel\" class=\"ean_label\">CODE:<\/span>\u00a0<span id=\"ctl31_ctl01_ListaVarianti_ctl00_VarianteEANCode\" class=\"ean_code\">26732<\/span><\/div>\n<\/li>\n<\/ul>\n<div id=\"ctl31_ctl01_BoxIcone\" class=\"box_descrittori\"><\/div>\n","protected":false},"excerpt":{"rendered":"<p>LUCE CROMO SP1 SMALL Suspension Monture en m\u00e9tal chrom\u00e9. Diffuseur en verre souffl\u00e9 transparent et chrom\u00e9 sur la partie sup\u00e9rieure. Suspensions avec cable en acier&#8230;<\/p>\n","protected":false},"featured_media":23661,"template":"","meta":{"content-type":""},"etheme_brands":[],"product_brand":[],"product_cat":[364],"product_tag":[],"class_list":{"0":"post-23631","1":"product","2":"type-product","3":"status-publish","4":"has-post-thumbnail","6":"product_cat-suspension","8":"first","9":"instock","10":"taxable","11":"shipping-taxable","12":"purchasable","13":"product-type-simple"},"yoast_head":"<!-- This site is optimized with the Yoast SEO plugin v26.0 - https:\/\/yoast.com\/wordpress\/plugins\/seo\/ -->\n<title>IDEAL LUX Ampoule CHROME - Planete LED Solution d&#039;Eclairage LED<\/title>\n<meta name=\"robots\" content=\"index, follow, max-snippet:-1, max-image-preview:large, max-video-preview:-1\" \/>\n<link rel=\"canonical\" href=\"https:\/\/www.ledkaraib.com\/index.php\/produit\/ideal-lux-ampoule-chrome\/\" \/>\n<meta property=\"og:locale\" content=\"fr_FR\" \/>\n<meta property=\"og:type\" content=\"article\" \/>\n<meta property=\"og:title\" content=\"IDEAL LUX Ampoule CHROME - Planete LED Solution d&#039;Eclairage LED\" \/>\n<meta property=\"og:description\" content=\"LUCE CROMO SP1 SMALL Suspension Monture en m\u00e9tal chrom\u00e9. Diffuseur en verre souffl\u00e9 transparent et chrom\u00e9 sur la partie sup\u00e9rieure. Suspensions avec cable en acier...\" \/>\n<meta property=\"og:url\" content=\"https:\/\/www.ledkaraib.com\/index.php\/produit\/ideal-lux-ampoule-chrome\/\" \/>\n<meta property=\"og:site_name\" content=\"Planete LED Solution d&#039;Eclairage LED\" \/>\n<meta property=\"article:modified_time\" content=\"2021-08-29T20:50:17+00:00\" \/>\n<meta property=\"og:image\" content=\"https:\/\/www.ledkaraib.com\/wp-content\/uploads\/2021\/08\/1266-thickbox_default-Ampoule-CHROME.jpg\" \/>\n\t<meta property=\"og:image:width\" content=\"1000\" \/>\n\t<meta property=\"og:image:height\" content=\"1000\" \/>\n\t<meta property=\"og:image:type\" content=\"image\/jpeg\" \/>\n<meta name=\"twitter:card\" content=\"summary_large_image\" \/>\n<script type=\"application\/ld+json\" class=\"yoast-schema-graph\">{\"@context\":\"https:\/\/schema.org\",\"@graph\":[{\"@type\":\"WebPage\",\"@id\":\"https:\/\/www.ledkaraib.com\/index.php\/produit\/ideal-lux-ampoule-chrome\/\",\"url\":\"https:\/\/www.ledkaraib.com\/index.php\/produit\/ideal-lux-ampoule-chrome\/\",\"name\":\"IDEAL LUX Ampoule CHROME - Planete LED Solution d&#039;Eclairage LED\",\"isPartOf\":{\"@id\":\"https:\/\/www.ledkaraib.com\/#website\"},\"primaryImageOfPage\":{\"@id\":\"https:\/\/www.ledkaraib.com\/index.php\/produit\/ideal-lux-ampoule-chrome\/#primaryimage\"},\"image\":{\"@id\":\"https:\/\/www.ledkaraib.com\/index.php\/produit\/ideal-lux-ampoule-chrome\/#primaryimage\"},\"thumbnailUrl\":\"https:\/\/www.ledkaraib.com\/wp-content\/uploads\/2021\/08\/1266-thickbox_default-Ampoule-CHROME.jpg\",\"datePublished\":\"2021-08-29T20:50:13+00:00\",\"dateModified\":\"2021-08-29T20:50:17+00:00\",\"breadcrumb\":{\"@id\":\"https:\/\/www.ledkaraib.com\/index.php\/produit\/ideal-lux-ampoule-chrome\/#breadcrumb\"},\"inLanguage\":\"fr-FR\",\"potentialAction\":[{\"@type\":\"ReadAction\",\"target\":[\"https:\/\/www.ledkaraib.com\/index.php\/produit\/ideal-lux-ampoule-chrome\/\"]}]},{\"@type\":\"ImageObject\",\"inLanguage\":\"fr-FR\",\"@id\":\"https:\/\/www.ledkaraib.com\/index.php\/produit\/ideal-lux-ampoule-chrome\/#primaryimage\",\"url\":\"https:\/\/www.ledkaraib.com\/wp-content\/uploads\/2021\/08\/1266-thickbox_default-Ampoule-CHROME.jpg\",\"contentUrl\":\"https:\/\/www.ledkaraib.com\/wp-content\/uploads\/2021\/08\/1266-thickbox_default-Ampoule-CHROME.jpg\",\"width\":1000,\"height\":1000},{\"@type\":\"BreadcrumbList\",\"@id\":\"https:\/\/www.ledkaraib.com\/index.php\/produit\/ideal-lux-ampoule-chrome\/#breadcrumb\",\"itemListElement\":[{\"@type\":\"ListItem\",\"position\":1,\"name\":\"Accueil\",\"item\":\"https:\/\/www.ledkaraib.com\/\"},{\"@type\":\"ListItem\",\"position\":2,\"name\":\"Shop\",\"item\":\"https:\/\/www.ledkaraib.com\/index.php\/shop-3\/\"},{\"@type\":\"ListItem\",\"position\":3,\"name\":\"IDEAL LUX Ampoule CHROME\"}]},{\"@type\":\"WebSite\",\"@id\":\"https:\/\/www.ledkaraib.com\/#website\",\"url\":\"https:\/\/www.ledkaraib.com\/\",\"name\":\"Planete LED Solution d&#039;Eclairage LED\",\"description\":\"\",\"potentialAction\":[{\"@type\":\"SearchAction\",\"target\":{\"@type\":\"EntryPoint\",\"urlTemplate\":\"https:\/\/www.ledkaraib.com\/?s={search_term_string}\"},\"query-input\":{\"@type\":\"PropertyValueSpecification\",\"valueRequired\":true,\"valueName\":\"search_term_string\"}}],\"inLanguage\":\"fr-FR\"}]}<\/script>\n<!-- \/ Yoast SEO plugin. -->","yoast_head_json":{"title":"IDEAL LUX Ampoule CHROME - Planete LED Solution d&#039;Eclairage LED","robots":{"index":"index","follow":"follow","max-snippet":"max-snippet:-1","max-image-preview":"max-image-preview:large","max-video-preview":"max-video-preview:-1"},"canonical":"https:\/\/www.ledkaraib.com\/index.php\/produit\/ideal-lux-ampoule-chrome\/","og_locale":"fr_FR","og_type":"article","og_title":"IDEAL LUX Ampoule CHROME - Planete LED Solution d&#039;Eclairage LED","og_description":"LUCE CROMO SP1 SMALL Suspension Monture en m\u00e9tal chrom\u00e9. Diffuseur en verre souffl\u00e9 transparent et chrom\u00e9 sur la partie sup\u00e9rieure. Suspensions avec cable en acier...","og_url":"https:\/\/www.ledkaraib.com\/index.php\/produit\/ideal-lux-ampoule-chrome\/","og_site_name":"Planete LED Solution d&#039;Eclairage LED","article_modified_time":"2021-08-29T20:50:17+00:00","og_image":[{"width":1000,"height":1000,"url":"https:\/\/www.ledkaraib.com\/wp-content\/uploads\/2021\/08\/1266-thickbox_default-Ampoule-CHROME.jpg","type":"image\/jpeg"}],"twitter_card":"summary_large_image","schema":{"@context":"https:\/\/schema.org","@graph":[{"@type":"WebPage","@id":"https:\/\/www.ledkaraib.com\/index.php\/produit\/ideal-lux-ampoule-chrome\/","url":"https:\/\/www.ledkaraib.com\/index.php\/produit\/ideal-lux-ampoule-chrome\/","name":"IDEAL LUX Ampoule CHROME - Planete LED Solution d&#039;Eclairage LED","isPartOf":{"@id":"https:\/\/www.ledkaraib.com\/#website"},"primaryImageOfPage":{"@id":"https:\/\/www.ledkaraib.com\/index.php\/produit\/ideal-lux-ampoule-chrome\/#primaryimage"},"image":{"@id":"https:\/\/www.ledkaraib.com\/index.php\/produit\/ideal-lux-ampoule-chrome\/#primaryimage"},"thumbnailUrl":"https:\/\/www.ledkaraib.com\/wp-content\/uploads\/2021\/08\/1266-thickbox_default-Ampoule-CHROME.jpg","datePublished":"2021-08-29T20:50:13+00:00","dateModified":"2021-08-29T20:50:17+00:00","breadcrumb":{"@id":"https:\/\/www.ledkaraib.com\/index.php\/produit\/ideal-lux-ampoule-chrome\/#breadcrumb"},"inLanguage":"fr-FR","potentialAction":[{"@type":"ReadAction","target":["https:\/\/www.ledkaraib.com\/index.php\/produit\/ideal-lux-ampoule-chrome\/"]}]},{"@type":"ImageObject","inLanguage":"fr-FR","@id":"https:\/\/www.ledkaraib.com\/index.php\/produit\/ideal-lux-ampoule-chrome\/#primaryimage","url":"https:\/\/www.ledkaraib.com\/wp-content\/uploads\/2021\/08\/1266-thickbox_default-Ampoule-CHROME.jpg","contentUrl":"https:\/\/www.ledkaraib.com\/wp-content\/uploads\/2021\/08\/1266-thickbox_default-Ampoule-CHROME.jpg","width":1000,"height":1000},{"@type":"BreadcrumbList","@id":"https:\/\/www.ledkaraib.com\/index.php\/produit\/ideal-lux-ampoule-chrome\/#breadcrumb","itemListElement":[{"@type":"ListItem","position":1,"name":"Accueil","item":"https:\/\/www.ledkaraib.com\/"},{"@type":"ListItem","position":2,"name":"Shop","item":"https:\/\/www.ledkaraib.com\/index.php\/shop-3\/"},{"@type":"ListItem","position":3,"name":"IDEAL LUX Ampoule CHROME"}]},{"@type":"WebSite","@id":"https:\/\/www.ledkaraib.com\/#website","url":"https:\/\/www.ledkaraib.com\/","name":"Planete LED Solution d&#039;Eclairage LED","description":"","potentialAction":[{"@type":"SearchAction","target":{"@type":"EntryPoint","urlTemplate":"https:\/\/www.ledkaraib.com\/?s={search_term_string}"},"query-input":{"@type":"PropertyValueSpecification","valueRequired":true,"valueName":"search_term_string"}}],"inLanguage":"fr-FR"}]}},"jetpack_sharing_enabled":true,"_links":{"self":[{"href":"https:\/\/www.ledkaraib.com\/index.php\/wp-json\/wp\/v2\/product\/23631","targetHints":{"allow":["GET"]}}],"collection":[{"href":"https:\/\/www.ledkaraib.com\/index.php\/wp-json\/wp\/v2\/product"}],"about":[{"href":"https:\/\/www.ledkaraib.com\/index.php\/wp-json\/wp\/v2\/types\/product"}],"version-history":[{"count":0,"href":"https:\/\/www.ledkaraib.com\/index.php\/wp-json\/wp\/v2\/product\/23631\/revisions"}],"wp:featuredmedia":[{"embeddable":true,"href":"https:\/\/www.ledkaraib.com\/index.php\/wp-json\/wp\/v2\/media\/23661"}],"wp:attachment":[{"href":"https:\/\/www.ledkaraib.com\/index.php\/wp-json\/wp\/v2\/media?parent=23631"}],"wp:term":[{"taxonomy":"brand","embeddable":true,"href":"https:\/\/www.ledkaraib.com\/index.php\/wp-json\/wp\/v2\/etheme_brands?post=23631"},{"taxonomy":"product_brand","embeddable":true,"href":"https:\/\/www.ledkaraib.com\/index.php\/wp-json\/wp\/v2\/product_brand?post=23631"},{"taxonomy":"product_cat","embeddable":true,"href":"https:\/\/www.ledkaraib.com\/index.php\/wp-json\/wp\/v2\/product_cat?post=23631"},{"taxonomy":"product_tag","embeddable":true,"href":"https:\/\/www.ledkaraib.com\/index.php\/wp-json\/wp\/v2\/product_tag?post=23631"}],"curies":[{"name":"wp","href":"https:\/\/api.w.org\/{rel}","templated":true}]}}