{"id":24227,"date":"2021-08-29T20:54:39","date_gmt":"2021-08-29T20:54:39","guid":{"rendered":"https:\/\/ledkaraib.fr\/?post_type=product&#038;p=24227"},"modified":"2026-02-09T15:32:16","modified_gmt":"2026-02-09T19:32:16","slug":"eurohm-square-conjoncteur-tel-blc","status":"publish","type":"product","link":"https:\/\/www.ledkaraib.com\/index.php\/produit\/eurohm-square-conjoncteur-tel-blc\/","title":{"rendered":"EUR&rsquo;OHM SQUARE CONJONCTEUR TEL BLC"},"content":{"rendered":"<ul>\n<li><strong>Installation du conjoncteur en T t\u00e9l\u00e9phone :<\/strong>\n<ul>\n<li>Montage du m\u00e9canisme en encastr\u00e9 ou en saillie<\/li>\n<li>Fixation \u00e0 vis ou \u00e0 griffes<\/li>\n<\/ul>\n<\/li>\n<\/ul>\n<ul>\n<li><strong>Entretien\u00a0du\u00a0onjoncteur en T\u00a0:\u00a0<\/strong>\n<ul>\n<li>Nettoyage superficiel avec un chiffon<\/li>\n<\/ul>\n<\/li>\n<\/ul>\n<p><strong>Donn\u00e9es techniques du conjoncteur en T t\u00e9l\u00e9phone Square :<\/strong><\/p>\n<div>\n<ul>\n<li>Tension :\u00a0250 V<\/li>\n<li>Intensit\u00e9 : 16A<\/li>\n<li>8 contacts<\/li>\n<li>Temp\u00e9rature de stockage : -5\u00b0C \u00e0 +50\u00b0C<\/li>\n<li>Temp\u00e9rature d&rsquo;utilisation : -5\u00b0C \u00e0 +35\u00b0C<\/li>\n<\/ul>\n<p><strong>Mat\u00e9riau et couleur :<\/strong><\/p>\n<ul>\n<li>Plastique &#8211; Polycarbonate<\/li>\n<li>Blanc<\/li>\n<\/ul>\n<p><strong>Dimensions de la prise TV Square :<\/strong><\/p>\n<ul>\n<li>Hauteur : 73 mm<\/li>\n<li>Longueur : 73 mm<\/li>\n<li>Profondeur 36 mm<\/li>\n<\/ul>\n<p><strong>Conformit\u00e9 et protection :<\/strong><\/p>\n<ul>\n<li>Protection contre les corps solides et\/ou liquides : IP 21<\/li>\n<li>Protection contre les impacts : IK 04<\/li>\n<\/ul>\n<\/div>\n","protected":false},"excerpt":{"rendered":"<p>Installation du conjoncteur en T t\u00e9l\u00e9phone : Montage du m\u00e9canisme en encastr\u00e9 ou en saillie Fixation \u00e0 vis ou \u00e0 griffes Entretien\u00a0du\u00a0onjoncteur en T\u00a0:\u00a0 Nettoyage&#8230;<\/p>\n","protected":false},"featured_media":24257,"template":"","meta":{"content-type":""},"etheme_brands":[],"product_brand":[],"product_cat":[384],"product_tag":[],"class_list":{"0":"post-24227","1":"product","2":"type-product","3":"status-publish","4":"has-post-thumbnail","6":"product_cat-gamme-encastrable-a-composer","8":"first","9":"instock","10":"taxable","11":"shipping-taxable","12":"purchasable","13":"product-type-simple"},"yoast_head":"<!-- This site is optimized with the Yoast SEO plugin v26.0 - https:\/\/yoast.com\/wordpress\/plugins\/seo\/ -->\n<title>EUR&#039;OHM SQUARE CONJONCTEUR TEL BLC - Planete LED Solution d&#039;Eclairage LED<\/title>\n<meta name=\"robots\" content=\"index, follow, max-snippet:-1, max-image-preview:large, max-video-preview:-1\" \/>\n<link rel=\"canonical\" href=\"https:\/\/www.ledkaraib.com\/index.php\/produit\/eurohm-square-conjoncteur-tel-blc\/\" \/>\n<meta property=\"og:locale\" content=\"fr_FR\" \/>\n<meta property=\"og:type\" content=\"article\" \/>\n<meta property=\"og:title\" content=\"EUR&#039;OHM SQUARE CONJONCTEUR TEL BLC - Planete LED Solution d&#039;Eclairage LED\" \/>\n<meta property=\"og:description\" content=\"Installation du conjoncteur en T t\u00e9l\u00e9phone : Montage du m\u00e9canisme en encastr\u00e9 ou en saillie Fixation \u00e0 vis ou \u00e0 griffes Entretien\u00a0du\u00a0onjoncteur en T\u00a0:\u00a0 Nettoyage...\" \/>\n<meta property=\"og:url\" content=\"https:\/\/www.ledkaraib.com\/index.php\/produit\/eurohm-square-conjoncteur-tel-blc\/\" \/>\n<meta property=\"og:site_name\" content=\"Planete LED Solution d&#039;Eclairage LED\" \/>\n<meta property=\"article:modified_time\" content=\"2026-02-09T19:32:16+00:00\" \/>\n<meta property=\"og:image\" content=\"https:\/\/www.ledkaraib.com\/wp-content\/uploads\/2021\/08\/EUR_OHM_60270.jpg\" \/>\n\t<meta property=\"og:image:width\" content=\"600\" \/>\n\t<meta property=\"og:image:height\" content=\"600\" \/>\n\t<meta property=\"og:image:type\" content=\"image\/jpeg\" \/>\n<meta name=\"twitter:card\" content=\"summary_large_image\" \/>\n<script type=\"application\/ld+json\" class=\"yoast-schema-graph\">{\"@context\":\"https:\/\/schema.org\",\"@graph\":[{\"@type\":\"WebPage\",\"@id\":\"https:\/\/www.ledkaraib.com\/index.php\/produit\/eurohm-square-conjoncteur-tel-blc\/\",\"url\":\"https:\/\/www.ledkaraib.com\/index.php\/produit\/eurohm-square-conjoncteur-tel-blc\/\",\"name\":\"EUR'OHM SQUARE CONJONCTEUR TEL BLC - Planete LED Solution d&#039;Eclairage LED\",\"isPartOf\":{\"@id\":\"https:\/\/www.ledkaraib.com\/#website\"},\"primaryImageOfPage\":{\"@id\":\"https:\/\/www.ledkaraib.com\/index.php\/produit\/eurohm-square-conjoncteur-tel-blc\/#primaryimage\"},\"image\":{\"@id\":\"https:\/\/www.ledkaraib.com\/index.php\/produit\/eurohm-square-conjoncteur-tel-blc\/#primaryimage\"},\"thumbnailUrl\":\"https:\/\/www.ledkaraib.com\/wp-content\/uploads\/2021\/08\/EUR_OHM_60270.jpg\",\"datePublished\":\"2021-08-29T20:54:39+00:00\",\"dateModified\":\"2026-02-09T19:32:16+00:00\",\"breadcrumb\":{\"@id\":\"https:\/\/www.ledkaraib.com\/index.php\/produit\/eurohm-square-conjoncteur-tel-blc\/#breadcrumb\"},\"inLanguage\":\"fr-FR\",\"potentialAction\":[{\"@type\":\"ReadAction\",\"target\":[\"https:\/\/www.ledkaraib.com\/index.php\/produit\/eurohm-square-conjoncteur-tel-blc\/\"]}]},{\"@type\":\"ImageObject\",\"inLanguage\":\"fr-FR\",\"@id\":\"https:\/\/www.ledkaraib.com\/index.php\/produit\/eurohm-square-conjoncteur-tel-blc\/#primaryimage\",\"url\":\"https:\/\/www.ledkaraib.com\/wp-content\/uploads\/2021\/08\/EUR_OHM_60270.jpg\",\"contentUrl\":\"https:\/\/www.ledkaraib.com\/wp-content\/uploads\/2021\/08\/EUR_OHM_60270.jpg\",\"width\":600,\"height\":600},{\"@type\":\"BreadcrumbList\",\"@id\":\"https:\/\/www.ledkaraib.com\/index.php\/produit\/eurohm-square-conjoncteur-tel-blc\/#breadcrumb\",\"itemListElement\":[{\"@type\":\"ListItem\",\"position\":1,\"name\":\"Accueil\",\"item\":\"https:\/\/www.ledkaraib.com\/\"},{\"@type\":\"ListItem\",\"position\":2,\"name\":\"Shop\",\"item\":\"https:\/\/www.ledkaraib.com\/index.php\/shop-3\/\"},{\"@type\":\"ListItem\",\"position\":3,\"name\":\"EUR&rsquo;OHM SQUARE CONJONCTEUR TEL BLC\"}]},{\"@type\":\"WebSite\",\"@id\":\"https:\/\/www.ledkaraib.com\/#website\",\"url\":\"https:\/\/www.ledkaraib.com\/\",\"name\":\"Planete LED Solution d&#039;Eclairage LED\",\"description\":\"\",\"potentialAction\":[{\"@type\":\"SearchAction\",\"target\":{\"@type\":\"EntryPoint\",\"urlTemplate\":\"https:\/\/www.ledkaraib.com\/?s={search_term_string}\"},\"query-input\":{\"@type\":\"PropertyValueSpecification\",\"valueRequired\":true,\"valueName\":\"search_term_string\"}}],\"inLanguage\":\"fr-FR\"}]}<\/script>\n<!-- \/ Yoast SEO plugin. -->","yoast_head_json":{"title":"EUR'OHM SQUARE CONJONCTEUR TEL BLC - Planete LED Solution d&#039;Eclairage LED","robots":{"index":"index","follow":"follow","max-snippet":"max-snippet:-1","max-image-preview":"max-image-preview:large","max-video-preview":"max-video-preview:-1"},"canonical":"https:\/\/www.ledkaraib.com\/index.php\/produit\/eurohm-square-conjoncteur-tel-blc\/","og_locale":"fr_FR","og_type":"article","og_title":"EUR'OHM SQUARE CONJONCTEUR TEL BLC - Planete LED Solution d&#039;Eclairage LED","og_description":"Installation du conjoncteur en T t\u00e9l\u00e9phone : Montage du m\u00e9canisme en encastr\u00e9 ou en saillie Fixation \u00e0 vis ou \u00e0 griffes Entretien\u00a0du\u00a0onjoncteur en T\u00a0:\u00a0 Nettoyage...","og_url":"https:\/\/www.ledkaraib.com\/index.php\/produit\/eurohm-square-conjoncteur-tel-blc\/","og_site_name":"Planete LED Solution d&#039;Eclairage LED","article_modified_time":"2026-02-09T19:32:16+00:00","og_image":[{"width":600,"height":600,"url":"https:\/\/www.ledkaraib.com\/wp-content\/uploads\/2021\/08\/EUR_OHM_60270.jpg","type":"image\/jpeg"}],"twitter_card":"summary_large_image","schema":{"@context":"https:\/\/schema.org","@graph":[{"@type":"WebPage","@id":"https:\/\/www.ledkaraib.com\/index.php\/produit\/eurohm-square-conjoncteur-tel-blc\/","url":"https:\/\/www.ledkaraib.com\/index.php\/produit\/eurohm-square-conjoncteur-tel-blc\/","name":"EUR'OHM SQUARE CONJONCTEUR TEL BLC - Planete LED Solution d&#039;Eclairage LED","isPartOf":{"@id":"https:\/\/www.ledkaraib.com\/#website"},"primaryImageOfPage":{"@id":"https:\/\/www.ledkaraib.com\/index.php\/produit\/eurohm-square-conjoncteur-tel-blc\/#primaryimage"},"image":{"@id":"https:\/\/www.ledkaraib.com\/index.php\/produit\/eurohm-square-conjoncteur-tel-blc\/#primaryimage"},"thumbnailUrl":"https:\/\/www.ledkaraib.com\/wp-content\/uploads\/2021\/08\/EUR_OHM_60270.jpg","datePublished":"2021-08-29T20:54:39+00:00","dateModified":"2026-02-09T19:32:16+00:00","breadcrumb":{"@id":"https:\/\/www.ledkaraib.com\/index.php\/produit\/eurohm-square-conjoncteur-tel-blc\/#breadcrumb"},"inLanguage":"fr-FR","potentialAction":[{"@type":"ReadAction","target":["https:\/\/www.ledkaraib.com\/index.php\/produit\/eurohm-square-conjoncteur-tel-blc\/"]}]},{"@type":"ImageObject","inLanguage":"fr-FR","@id":"https:\/\/www.ledkaraib.com\/index.php\/produit\/eurohm-square-conjoncteur-tel-blc\/#primaryimage","url":"https:\/\/www.ledkaraib.com\/wp-content\/uploads\/2021\/08\/EUR_OHM_60270.jpg","contentUrl":"https:\/\/www.ledkaraib.com\/wp-content\/uploads\/2021\/08\/EUR_OHM_60270.jpg","width":600,"height":600},{"@type":"BreadcrumbList","@id":"https:\/\/www.ledkaraib.com\/index.php\/produit\/eurohm-square-conjoncteur-tel-blc\/#breadcrumb","itemListElement":[{"@type":"ListItem","position":1,"name":"Accueil","item":"https:\/\/www.ledkaraib.com\/"},{"@type":"ListItem","position":2,"name":"Shop","item":"https:\/\/www.ledkaraib.com\/index.php\/shop-3\/"},{"@type":"ListItem","position":3,"name":"EUR&rsquo;OHM SQUARE CONJONCTEUR TEL BLC"}]},{"@type":"WebSite","@id":"https:\/\/www.ledkaraib.com\/#website","url":"https:\/\/www.ledkaraib.com\/","name":"Planete LED Solution d&#039;Eclairage LED","description":"","potentialAction":[{"@type":"SearchAction","target":{"@type":"EntryPoint","urlTemplate":"https:\/\/www.ledkaraib.com\/?s={search_term_string}"},"query-input":{"@type":"PropertyValueSpecification","valueRequired":true,"valueName":"search_term_string"}}],"inLanguage":"fr-FR"}]}},"jetpack_sharing_enabled":true,"_links":{"self":[{"href":"https:\/\/www.ledkaraib.com\/index.php\/wp-json\/wp\/v2\/product\/24227","targetHints":{"allow":["GET"]}}],"collection":[{"href":"https:\/\/www.ledkaraib.com\/index.php\/wp-json\/wp\/v2\/product"}],"about":[{"href":"https:\/\/www.ledkaraib.com\/index.php\/wp-json\/wp\/v2\/types\/product"}],"version-history":[{"count":1,"href":"https:\/\/www.ledkaraib.com\/index.php\/wp-json\/wp\/v2\/product\/24227\/revisions"}],"predecessor-version":[{"id":49906,"href":"https:\/\/www.ledkaraib.com\/index.php\/wp-json\/wp\/v2\/product\/24227\/revisions\/49906"}],"wp:featuredmedia":[{"embeddable":true,"href":"https:\/\/www.ledkaraib.com\/index.php\/wp-json\/wp\/v2\/media\/24257"}],"wp:attachment":[{"href":"https:\/\/www.ledkaraib.com\/index.php\/wp-json\/wp\/v2\/media?parent=24227"}],"wp:term":[{"taxonomy":"brand","embeddable":true,"href":"https:\/\/www.ledkaraib.com\/index.php\/wp-json\/wp\/v2\/etheme_brands?post=24227"},{"taxonomy":"product_brand","embeddable":true,"href":"https:\/\/www.ledkaraib.com\/index.php\/wp-json\/wp\/v2\/product_brand?post=24227"},{"taxonomy":"product_cat","embeddable":true,"href":"https:\/\/www.ledkaraib.com\/index.php\/wp-json\/wp\/v2\/product_cat?post=24227"},{"taxonomy":"product_tag","embeddable":true,"href":"https:\/\/www.ledkaraib.com\/index.php\/wp-json\/wp\/v2\/product_tag?post=24227"}],"curies":[{"name":"wp","href":"https:\/\/api.w.org\/{rel}","templated":true}]}}