{"id":24654,"date":"2021-08-29T20:58:48","date_gmt":"2021-08-29T20:58:48","guid":{"rendered":"https:\/\/ledkaraib.fr\/?post_type=product&#038;p=24654"},"modified":"2023-09-26T09:43:06","modified_gmt":"2023-09-26T13:43:06","slug":"surface-frame-for-1200x300mm-panel-white","status":"publish","type":"product","link":"https:\/\/www.ledkaraib.com\/index.php\/produit\/surface-frame-for-1200x300mm-panel-white\/","title":{"rendered":"Surface Frame For 1200x300mm Panel White"},"content":{"rendered":"<p>&nbsp;<\/p>\n<div class=\"tab-content\">\n<div class=\"std\">\n<p>Cadre blanc de surface pour le panneau Led 120x30CM\u00a0<strong>V-TAC \u2013 SKU 3679<\/strong><\/p>\n<p>Le bo\u00eetier vous permet d&rsquo;installer des panneaux LED au plafond ou au mur sans avoir \u00e0 les encastrer. Le produit se compose de quatre pi\u00e8ces qui peuvent \u00eatre assembl\u00e9es gr\u00e2ce au syst\u00e8me d&rsquo;auto-fixation rapide avec clips. Livr\u00e9 avec des vis avec des chevilles. Id\u00e9al pour les chambres sans faux plafond.<\/p>\n<\/div>\n<\/div>\n<p>DATA SHEET<\/p>\n<div class=\"tab-content\">\n<div class=\"std data-sheet\">\n<ul>\n<li>Dimensions: 1200x300x55 mm<\/li>\n<li>Mat\u00e9riel: M\u00e9tal<\/li>\n<li>Installation: Plafond ou mur.<\/li>\n<li>Degr\u00e9 de protection imperm\u00e9able \u00e0 l&rsquo;eau: IP20<\/li>\n<li>Couleur: blanc<\/li>\n<\/ul>\n<\/div>\n<\/div>\n<p>INFORMATIONS COMPL\u00c9MENTAIRES<\/p>\n<div class=\"tab-content\">\n<table id=\"product-attribute-specs-table\" class=\"data-table dna-table vertical-table\">\n<tbody>\n<tr>\n<td class=\"label\">NOM<\/td>\n<td class=\"data\"><span data-update=\"name\">Cadre blanc de surface pour le panneau Led 120x30CM V-TAC \u2013 SKU 3679<\/span><\/td>\n<\/tr>\n<tr>\n<td class=\"label\">R\u00c9F.<\/td>\n<td class=\"data\"><span data-update=\"sku\">3679<\/span><\/td>\n<\/tr>\n<tr>\n<td class=\"label\">LIVRAISON<\/td>\n<td class=\"data\"><span data-update=\"tipo_spedizione\">Livraison 7 jours<\/span><\/td>\n<\/tr>\n<tr>\n<td class=\"label\">GARANTIE<\/td>\n<td class=\"data\"><span data-update=\"warranty\">2 ans<\/span><\/td>\n<\/tr>\n<tr>\n<td class=\"label\">FORME<\/td>\n<td class=\"data\"><span data-update=\"forma\">rectangulaire<\/span><\/td>\n<\/tr>\n<tr>\n<td class=\"label\">MONTAGE<\/td>\n<td class=\"data\"><span data-update=\"installazione_pannelli\">Surface<\/span><\/td>\n<\/tr>\n<tr>\n<td class=\"label\">COULEUR DE LUMI\u00c8RE<\/td>\n<td class=\"data\"><span data-update=\"color_lampadine\">Non<\/span><\/td>\n<\/tr>\n<tr>\n<td class=\"label\">DIMMABLE<\/td>\n<td class=\"data\"><span data-update=\"dimmerabilita\">Non<\/span><\/td>\n<\/tr>\n<tr>\n<td class=\"label\">WATTS<\/td>\n<td class=\"data\"><span data-update=\"potenza_led\">Non<\/span><\/td>\n<\/tr>\n<tr>\n<td class=\"label\">LED TYPE<\/td>\n<td class=\"data\"><span data-update=\"tipologia_led\">Non<\/span><\/td>\n<\/tr>\n<tr>\n<td class=\"label\">WATERPROOF<\/td>\n<td class=\"data\"><span data-update=\"waterproof\">No waterproof<\/span><\/td>\n<\/tr>\n<tr>\n<td class=\"label\">EMBALLAGE<\/td>\n<td class=\"data\"><span data-update=\"packaging\">N\/A<\/span><\/td>\n<\/tr>\n<\/tbody>\n<\/table>\n<\/div>\n<p>&nbsp;<\/p>\n","protected":false},"excerpt":{"rendered":"<p>&nbsp; Cadre blanc de surface pour le panneau Led 120x30CM\u00a0V-TAC \u2013 SKU 3679 Le bo\u00eetier vous permet d&rsquo;installer des panneaux LED au plafond ou au&#8230;<\/p>\n","protected":false},"featured_media":24684,"template":"","meta":{"content-type":""},"etheme_brands":[],"product_brand":[],"product_cat":[372],"product_tag":[],"class_list":{"0":"post-24654","1":"product","2":"type-product","3":"status-publish","4":"has-post-thumbnail","6":"product_cat-accessoires-panneau-led","8":"first","9":"instock","10":"taxable","11":"shipping-taxable","12":"purchasable","13":"product-type-simple"},"yoast_head":"<!-- This site is optimized with the Yoast SEO plugin v26.0 - https:\/\/yoast.com\/wordpress\/plugins\/seo\/ -->\n<title>Surface Frame For 1200x300mm Panel White - Planete LED Solution d&#039;Eclairage LED<\/title>\n<meta name=\"robots\" content=\"index, follow, max-snippet:-1, max-image-preview:large, max-video-preview:-1\" \/>\n<link rel=\"canonical\" href=\"https:\/\/www.ledkaraib.com\/index.php\/produit\/surface-frame-for-1200x300mm-panel-white\/\" \/>\n<meta property=\"og:locale\" content=\"fr_FR\" \/>\n<meta property=\"og:type\" content=\"article\" \/>\n<meta property=\"og:title\" content=\"Surface Frame For 1200x300mm Panel White - Planete LED Solution d&#039;Eclairage LED\" \/>\n<meta property=\"og:description\" content=\"&nbsp; Cadre blanc de surface pour le panneau Led 120x30CM\u00a0V-TAC \u2013 SKU 3679 Le bo\u00eetier vous permet d&rsquo;installer des panneaux LED au plafond ou au...\" \/>\n<meta property=\"og:url\" content=\"https:\/\/www.ledkaraib.com\/index.php\/produit\/surface-frame-for-1200x300mm-panel-white\/\" \/>\n<meta property=\"og:site_name\" content=\"Planete LED Solution d&#039;Eclairage LED\" \/>\n<meta property=\"article:modified_time\" content=\"2023-09-26T13:43:06+00:00\" \/>\n<meta property=\"og:image\" content=\"https:\/\/www.ledkaraib.com\/wp-content\/uploads\/2021\/08\/VTAC-3679.jpg\" \/>\n\t<meta property=\"og:image:width\" content=\"224\" \/>\n\t<meta property=\"og:image:height\" content=\"224\" \/>\n\t<meta property=\"og:image:type\" content=\"image\/jpeg\" \/>\n<meta name=\"twitter:card\" content=\"summary_large_image\" \/>\n<meta name=\"twitter:label1\" content=\"Dur\u00e9e de lecture estim\u00e9e\" \/>\n\t<meta name=\"twitter:data1\" content=\"1 minute\" \/>\n<script type=\"application\/ld+json\" class=\"yoast-schema-graph\">{\"@context\":\"https:\/\/schema.org\",\"@graph\":[{\"@type\":\"WebPage\",\"@id\":\"https:\/\/www.ledkaraib.com\/index.php\/produit\/surface-frame-for-1200x300mm-panel-white\/\",\"url\":\"https:\/\/www.ledkaraib.com\/index.php\/produit\/surface-frame-for-1200x300mm-panel-white\/\",\"name\":\"Surface Frame For 1200x300mm Panel White - Planete LED Solution d&#039;Eclairage LED\",\"isPartOf\":{\"@id\":\"https:\/\/www.ledkaraib.com\/#website\"},\"primaryImageOfPage\":{\"@id\":\"https:\/\/www.ledkaraib.com\/index.php\/produit\/surface-frame-for-1200x300mm-panel-white\/#primaryimage\"},\"image\":{\"@id\":\"https:\/\/www.ledkaraib.com\/index.php\/produit\/surface-frame-for-1200x300mm-panel-white\/#primaryimage\"},\"thumbnailUrl\":\"https:\/\/www.ledkaraib.com\/wp-content\/uploads\/2021\/08\/VTAC-3679.jpg\",\"datePublished\":\"2021-08-29T20:58:48+00:00\",\"dateModified\":\"2023-09-26T13:43:06+00:00\",\"breadcrumb\":{\"@id\":\"https:\/\/www.ledkaraib.com\/index.php\/produit\/surface-frame-for-1200x300mm-panel-white\/#breadcrumb\"},\"inLanguage\":\"fr-FR\",\"potentialAction\":[{\"@type\":\"ReadAction\",\"target\":[\"https:\/\/www.ledkaraib.com\/index.php\/produit\/surface-frame-for-1200x300mm-panel-white\/\"]}]},{\"@type\":\"ImageObject\",\"inLanguage\":\"fr-FR\",\"@id\":\"https:\/\/www.ledkaraib.com\/index.php\/produit\/surface-frame-for-1200x300mm-panel-white\/#primaryimage\",\"url\":\"https:\/\/www.ledkaraib.com\/wp-content\/uploads\/2021\/08\/VTAC-3679.jpg\",\"contentUrl\":\"https:\/\/www.ledkaraib.com\/wp-content\/uploads\/2021\/08\/VTAC-3679.jpg\",\"width\":224,\"height\":224},{\"@type\":\"BreadcrumbList\",\"@id\":\"https:\/\/www.ledkaraib.com\/index.php\/produit\/surface-frame-for-1200x300mm-panel-white\/#breadcrumb\",\"itemListElement\":[{\"@type\":\"ListItem\",\"position\":1,\"name\":\"Accueil\",\"item\":\"https:\/\/www.ledkaraib.com\/\"},{\"@type\":\"ListItem\",\"position\":2,\"name\":\"Shop\",\"item\":\"https:\/\/www.ledkaraib.com\/index.php\/shop-3\/\"},{\"@type\":\"ListItem\",\"position\":3,\"name\":\"Surface Frame For 1200x300mm Panel White\"}]},{\"@type\":\"WebSite\",\"@id\":\"https:\/\/www.ledkaraib.com\/#website\",\"url\":\"https:\/\/www.ledkaraib.com\/\",\"name\":\"Planete LED Solution d&#039;Eclairage LED\",\"description\":\"\",\"potentialAction\":[{\"@type\":\"SearchAction\",\"target\":{\"@type\":\"EntryPoint\",\"urlTemplate\":\"https:\/\/www.ledkaraib.com\/?s={search_term_string}\"},\"query-input\":{\"@type\":\"PropertyValueSpecification\",\"valueRequired\":true,\"valueName\":\"search_term_string\"}}],\"inLanguage\":\"fr-FR\"}]}<\/script>\n<!-- \/ Yoast SEO plugin. -->","yoast_head_json":{"title":"Surface Frame For 1200x300mm Panel White - Planete LED Solution d&#039;Eclairage LED","robots":{"index":"index","follow":"follow","max-snippet":"max-snippet:-1","max-image-preview":"max-image-preview:large","max-video-preview":"max-video-preview:-1"},"canonical":"https:\/\/www.ledkaraib.com\/index.php\/produit\/surface-frame-for-1200x300mm-panel-white\/","og_locale":"fr_FR","og_type":"article","og_title":"Surface Frame For 1200x300mm Panel White - Planete LED Solution d&#039;Eclairage LED","og_description":"&nbsp; Cadre blanc de surface pour le panneau Led 120x30CM\u00a0V-TAC \u2013 SKU 3679 Le bo\u00eetier vous permet d&rsquo;installer des panneaux LED au plafond ou au...","og_url":"https:\/\/www.ledkaraib.com\/index.php\/produit\/surface-frame-for-1200x300mm-panel-white\/","og_site_name":"Planete LED Solution d&#039;Eclairage LED","article_modified_time":"2023-09-26T13:43:06+00:00","og_image":[{"width":224,"height":224,"url":"https:\/\/www.ledkaraib.com\/wp-content\/uploads\/2021\/08\/VTAC-3679.jpg","type":"image\/jpeg"}],"twitter_card":"summary_large_image","twitter_misc":{"Dur\u00e9e de lecture estim\u00e9e":"1 minute"},"schema":{"@context":"https:\/\/schema.org","@graph":[{"@type":"WebPage","@id":"https:\/\/www.ledkaraib.com\/index.php\/produit\/surface-frame-for-1200x300mm-panel-white\/","url":"https:\/\/www.ledkaraib.com\/index.php\/produit\/surface-frame-for-1200x300mm-panel-white\/","name":"Surface Frame For 1200x300mm Panel White - Planete LED Solution d&#039;Eclairage LED","isPartOf":{"@id":"https:\/\/www.ledkaraib.com\/#website"},"primaryImageOfPage":{"@id":"https:\/\/www.ledkaraib.com\/index.php\/produit\/surface-frame-for-1200x300mm-panel-white\/#primaryimage"},"image":{"@id":"https:\/\/www.ledkaraib.com\/index.php\/produit\/surface-frame-for-1200x300mm-panel-white\/#primaryimage"},"thumbnailUrl":"https:\/\/www.ledkaraib.com\/wp-content\/uploads\/2021\/08\/VTAC-3679.jpg","datePublished":"2021-08-29T20:58:48+00:00","dateModified":"2023-09-26T13:43:06+00:00","breadcrumb":{"@id":"https:\/\/www.ledkaraib.com\/index.php\/produit\/surface-frame-for-1200x300mm-panel-white\/#breadcrumb"},"inLanguage":"fr-FR","potentialAction":[{"@type":"ReadAction","target":["https:\/\/www.ledkaraib.com\/index.php\/produit\/surface-frame-for-1200x300mm-panel-white\/"]}]},{"@type":"ImageObject","inLanguage":"fr-FR","@id":"https:\/\/www.ledkaraib.com\/index.php\/produit\/surface-frame-for-1200x300mm-panel-white\/#primaryimage","url":"https:\/\/www.ledkaraib.com\/wp-content\/uploads\/2021\/08\/VTAC-3679.jpg","contentUrl":"https:\/\/www.ledkaraib.com\/wp-content\/uploads\/2021\/08\/VTAC-3679.jpg","width":224,"height":224},{"@type":"BreadcrumbList","@id":"https:\/\/www.ledkaraib.com\/index.php\/produit\/surface-frame-for-1200x300mm-panel-white\/#breadcrumb","itemListElement":[{"@type":"ListItem","position":1,"name":"Accueil","item":"https:\/\/www.ledkaraib.com\/"},{"@type":"ListItem","position":2,"name":"Shop","item":"https:\/\/www.ledkaraib.com\/index.php\/shop-3\/"},{"@type":"ListItem","position":3,"name":"Surface Frame For 1200x300mm Panel White"}]},{"@type":"WebSite","@id":"https:\/\/www.ledkaraib.com\/#website","url":"https:\/\/www.ledkaraib.com\/","name":"Planete LED Solution d&#039;Eclairage LED","description":"","potentialAction":[{"@type":"SearchAction","target":{"@type":"EntryPoint","urlTemplate":"https:\/\/www.ledkaraib.com\/?s={search_term_string}"},"query-input":{"@type":"PropertyValueSpecification","valueRequired":true,"valueName":"search_term_string"}}],"inLanguage":"fr-FR"}]}},"jetpack_sharing_enabled":true,"_links":{"self":[{"href":"https:\/\/www.ledkaraib.com\/index.php\/wp-json\/wp\/v2\/product\/24654","targetHints":{"allow":["GET"]}}],"collection":[{"href":"https:\/\/www.ledkaraib.com\/index.php\/wp-json\/wp\/v2\/product"}],"about":[{"href":"https:\/\/www.ledkaraib.com\/index.php\/wp-json\/wp\/v2\/types\/product"}],"version-history":[{"count":0,"href":"https:\/\/www.ledkaraib.com\/index.php\/wp-json\/wp\/v2\/product\/24654\/revisions"}],"wp:featuredmedia":[{"embeddable":true,"href":"https:\/\/www.ledkaraib.com\/index.php\/wp-json\/wp\/v2\/media\/24684"}],"wp:attachment":[{"href":"https:\/\/www.ledkaraib.com\/index.php\/wp-json\/wp\/v2\/media?parent=24654"}],"wp:term":[{"taxonomy":"brand","embeddable":true,"href":"https:\/\/www.ledkaraib.com\/index.php\/wp-json\/wp\/v2\/etheme_brands?post=24654"},{"taxonomy":"product_brand","embeddable":true,"href":"https:\/\/www.ledkaraib.com\/index.php\/wp-json\/wp\/v2\/product_brand?post=24654"},{"taxonomy":"product_cat","embeddable":true,"href":"https:\/\/www.ledkaraib.com\/index.php\/wp-json\/wp\/v2\/product_cat?post=24654"},{"taxonomy":"product_tag","embeddable":true,"href":"https:\/\/www.ledkaraib.com\/index.php\/wp-json\/wp\/v2\/product_tag?post=24654"}],"curies":[{"name":"wp","href":"https:\/\/api.w.org\/{rel}","templated":true}]}}