{"id":25009,"date":"2021-08-29T21:02:06","date_gmt":"2021-08-29T21:02:06","guid":{"rendered":"https:\/\/ledkaraib.fr\/?post_type=product&#038;p=25009"},"modified":"2022-01-15T03:22:36","modified_gmt":"2022-01-15T03:22:36","slug":"trust-built-in-led-dimmer-acm-250-ld-nl","status":"publish","type":"product","link":"https:\/\/www.ledkaraib.com\/index.php\/produit\/trust-built-in-led-dimmer-acm-250-ld-nl\/","title":{"rendered":"TRUST Built-in LED Dimmer ACM-250-LD NL"},"content":{"rendered":"<h3 class=\"translatedTitle\">Variateur LED encastrable<\/h3>\n<p class=\"body\">Variateur LED encastrable \u00e0 haute performance pour commander vos luminaires sans fil<\/p>\n<ul class=\"product-features-list\">\n<li>La meilleure solution pour r\u00e9gler sans fil et progressivement l&rsquo;intensit\u00e9 lumineuse de vos luminaires \u00e0 LED (jusqu&rsquo;\u00e0 50\u00a0W)<\/li>\n<li>Compatible avec les ampoules \u00e0 incandescence et halog\u00e8nes (250\u00a0W max.)<\/li>\n<li>Choisissez entre 2 modes de variations diff\u00e9rents (bord ant\u00e9rieur\/post\u00e9rieur)<\/li>\n<li>Mod\u00e8le compact\u00a0: s&rsquo;installe facilement dans un plafond ou un bo\u00eetier de raccordement<\/li>\n<li>Se connectent \u00e0 2 interrupteurs muraux existants, par exemple, en haut et bas d&rsquo;une cage d&rsquo;escalier<\/li>\n<li>Les interrupteurs muraux existants restent op\u00e9rationnels<\/li>\n<\/ul>\n","protected":false},"excerpt":{"rendered":"<p>Variateur LED encastrable Variateur LED encastrable \u00e0 haute performance pour commander vos luminaires sans fil La meilleure solution pour r\u00e9gler sans fil et progressivement l&rsquo;intensit\u00e9&#8230;<\/p>\n","protected":false},"featured_media":25039,"template":"","meta":{"content-type":""},"etheme_brands":[],"product_brand":[],"product_cat":[373],"product_tag":[],"class_list":{"0":"post-25009","1":"product","2":"type-product","3":"status-publish","4":"has-post-thumbnail","6":"product_cat-module-domotique","8":"first","9":"instock","10":"taxable","11":"shipping-taxable","12":"purchasable","13":"product-type-simple"},"yoast_head":"<!-- This site is optimized with the Yoast SEO plugin v26.0 - https:\/\/yoast.com\/wordpress\/plugins\/seo\/ -->\n<title>TRUST Built-in LED Dimmer ACM-250-LD NL - Planete LED Solution d&#039;Eclairage LED<\/title>\n<meta name=\"robots\" content=\"index, follow, max-snippet:-1, max-image-preview:large, max-video-preview:-1\" \/>\n<link rel=\"canonical\" href=\"https:\/\/www.ledkaraib.com\/index.php\/produit\/trust-built-in-led-dimmer-acm-250-ld-nl\/\" \/>\n<meta property=\"og:locale\" content=\"fr_FR\" \/>\n<meta property=\"og:type\" content=\"article\" \/>\n<meta property=\"og:title\" content=\"TRUST Built-in LED Dimmer ACM-250-LD NL - Planete LED Solution d&#039;Eclairage LED\" \/>\n<meta property=\"og:description\" content=\"Variateur LED encastrable Variateur LED encastrable \u00e0 haute performance pour commander vos luminaires sans fil La meilleure solution pour r\u00e9gler sans fil et progressivement l&rsquo;intensit\u00e9...\" \/>\n<meta property=\"og:url\" content=\"https:\/\/www.ledkaraib.com\/index.php\/produit\/trust-built-in-led-dimmer-acm-250-ld-nl\/\" \/>\n<meta property=\"og:site_name\" content=\"Planete LED Solution d&#039;Eclairage LED\" \/>\n<meta property=\"article:modified_time\" content=\"2022-01-15T03:22:36+00:00\" \/>\n<meta property=\"og:image\" content=\"https:\/\/www.ledkaraib.com\/wp-content\/uploads\/2021\/08\/Built-in-LED-Dimmer-ACM-250-LD-NL.png\" \/>\n\t<meta property=\"og:image:width\" content=\"771\" \/>\n\t<meta property=\"og:image:height\" content=\"799\" \/>\n\t<meta property=\"og:image:type\" content=\"image\/png\" \/>\n<meta name=\"twitter:card\" content=\"summary_large_image\" \/>\n<script type=\"application\/ld+json\" class=\"yoast-schema-graph\">{\"@context\":\"https:\/\/schema.org\",\"@graph\":[{\"@type\":\"WebPage\",\"@id\":\"https:\/\/www.ledkaraib.com\/index.php\/produit\/trust-built-in-led-dimmer-acm-250-ld-nl\/\",\"url\":\"https:\/\/www.ledkaraib.com\/index.php\/produit\/trust-built-in-led-dimmer-acm-250-ld-nl\/\",\"name\":\"TRUST Built-in LED Dimmer ACM-250-LD NL - Planete LED Solution d&#039;Eclairage LED\",\"isPartOf\":{\"@id\":\"https:\/\/www.ledkaraib.com\/#website\"},\"primaryImageOfPage\":{\"@id\":\"https:\/\/www.ledkaraib.com\/index.php\/produit\/trust-built-in-led-dimmer-acm-250-ld-nl\/#primaryimage\"},\"image\":{\"@id\":\"https:\/\/www.ledkaraib.com\/index.php\/produit\/trust-built-in-led-dimmer-acm-250-ld-nl\/#primaryimage\"},\"thumbnailUrl\":\"https:\/\/www.ledkaraib.com\/wp-content\/uploads\/2021\/08\/Built-in-LED-Dimmer-ACM-250-LD-NL.png\",\"datePublished\":\"2021-08-29T21:02:06+00:00\",\"dateModified\":\"2022-01-15T03:22:36+00:00\",\"breadcrumb\":{\"@id\":\"https:\/\/www.ledkaraib.com\/index.php\/produit\/trust-built-in-led-dimmer-acm-250-ld-nl\/#breadcrumb\"},\"inLanguage\":\"fr-FR\",\"potentialAction\":[{\"@type\":\"ReadAction\",\"target\":[\"https:\/\/www.ledkaraib.com\/index.php\/produit\/trust-built-in-led-dimmer-acm-250-ld-nl\/\"]}]},{\"@type\":\"ImageObject\",\"inLanguage\":\"fr-FR\",\"@id\":\"https:\/\/www.ledkaraib.com\/index.php\/produit\/trust-built-in-led-dimmer-acm-250-ld-nl\/#primaryimage\",\"url\":\"https:\/\/www.ledkaraib.com\/wp-content\/uploads\/2021\/08\/Built-in-LED-Dimmer-ACM-250-LD-NL.png\",\"contentUrl\":\"https:\/\/www.ledkaraib.com\/wp-content\/uploads\/2021\/08\/Built-in-LED-Dimmer-ACM-250-LD-NL.png\",\"width\":771,\"height\":799},{\"@type\":\"BreadcrumbList\",\"@id\":\"https:\/\/www.ledkaraib.com\/index.php\/produit\/trust-built-in-led-dimmer-acm-250-ld-nl\/#breadcrumb\",\"itemListElement\":[{\"@type\":\"ListItem\",\"position\":1,\"name\":\"Accueil\",\"item\":\"https:\/\/www.ledkaraib.com\/\"},{\"@type\":\"ListItem\",\"position\":2,\"name\":\"Shop\",\"item\":\"https:\/\/www.ledkaraib.com\/index.php\/shop-3\/\"},{\"@type\":\"ListItem\",\"position\":3,\"name\":\"TRUST Built-in LED Dimmer ACM-250-LD NL\"}]},{\"@type\":\"WebSite\",\"@id\":\"https:\/\/www.ledkaraib.com\/#website\",\"url\":\"https:\/\/www.ledkaraib.com\/\",\"name\":\"Planete LED Solution d&#039;Eclairage LED\",\"description\":\"\",\"potentialAction\":[{\"@type\":\"SearchAction\",\"target\":{\"@type\":\"EntryPoint\",\"urlTemplate\":\"https:\/\/www.ledkaraib.com\/?s={search_term_string}\"},\"query-input\":{\"@type\":\"PropertyValueSpecification\",\"valueRequired\":true,\"valueName\":\"search_term_string\"}}],\"inLanguage\":\"fr-FR\"}]}<\/script>\n<!-- \/ Yoast SEO plugin. -->","yoast_head_json":{"title":"TRUST Built-in LED Dimmer ACM-250-LD NL - Planete LED Solution d&#039;Eclairage LED","robots":{"index":"index","follow":"follow","max-snippet":"max-snippet:-1","max-image-preview":"max-image-preview:large","max-video-preview":"max-video-preview:-1"},"canonical":"https:\/\/www.ledkaraib.com\/index.php\/produit\/trust-built-in-led-dimmer-acm-250-ld-nl\/","og_locale":"fr_FR","og_type":"article","og_title":"TRUST Built-in LED Dimmer ACM-250-LD NL - Planete LED Solution d&#039;Eclairage LED","og_description":"Variateur LED encastrable Variateur LED encastrable \u00e0 haute performance pour commander vos luminaires sans fil La meilleure solution pour r\u00e9gler sans fil et progressivement l&rsquo;intensit\u00e9...","og_url":"https:\/\/www.ledkaraib.com\/index.php\/produit\/trust-built-in-led-dimmer-acm-250-ld-nl\/","og_site_name":"Planete LED Solution d&#039;Eclairage LED","article_modified_time":"2022-01-15T03:22:36+00:00","og_image":[{"width":771,"height":799,"url":"https:\/\/www.ledkaraib.com\/wp-content\/uploads\/2021\/08\/Built-in-LED-Dimmer-ACM-250-LD-NL.png","type":"image\/png"}],"twitter_card":"summary_large_image","schema":{"@context":"https:\/\/schema.org","@graph":[{"@type":"WebPage","@id":"https:\/\/www.ledkaraib.com\/index.php\/produit\/trust-built-in-led-dimmer-acm-250-ld-nl\/","url":"https:\/\/www.ledkaraib.com\/index.php\/produit\/trust-built-in-led-dimmer-acm-250-ld-nl\/","name":"TRUST Built-in LED Dimmer ACM-250-LD NL - Planete LED Solution d&#039;Eclairage LED","isPartOf":{"@id":"https:\/\/www.ledkaraib.com\/#website"},"primaryImageOfPage":{"@id":"https:\/\/www.ledkaraib.com\/index.php\/produit\/trust-built-in-led-dimmer-acm-250-ld-nl\/#primaryimage"},"image":{"@id":"https:\/\/www.ledkaraib.com\/index.php\/produit\/trust-built-in-led-dimmer-acm-250-ld-nl\/#primaryimage"},"thumbnailUrl":"https:\/\/www.ledkaraib.com\/wp-content\/uploads\/2021\/08\/Built-in-LED-Dimmer-ACM-250-LD-NL.png","datePublished":"2021-08-29T21:02:06+00:00","dateModified":"2022-01-15T03:22:36+00:00","breadcrumb":{"@id":"https:\/\/www.ledkaraib.com\/index.php\/produit\/trust-built-in-led-dimmer-acm-250-ld-nl\/#breadcrumb"},"inLanguage":"fr-FR","potentialAction":[{"@type":"ReadAction","target":["https:\/\/www.ledkaraib.com\/index.php\/produit\/trust-built-in-led-dimmer-acm-250-ld-nl\/"]}]},{"@type":"ImageObject","inLanguage":"fr-FR","@id":"https:\/\/www.ledkaraib.com\/index.php\/produit\/trust-built-in-led-dimmer-acm-250-ld-nl\/#primaryimage","url":"https:\/\/www.ledkaraib.com\/wp-content\/uploads\/2021\/08\/Built-in-LED-Dimmer-ACM-250-LD-NL.png","contentUrl":"https:\/\/www.ledkaraib.com\/wp-content\/uploads\/2021\/08\/Built-in-LED-Dimmer-ACM-250-LD-NL.png","width":771,"height":799},{"@type":"BreadcrumbList","@id":"https:\/\/www.ledkaraib.com\/index.php\/produit\/trust-built-in-led-dimmer-acm-250-ld-nl\/#breadcrumb","itemListElement":[{"@type":"ListItem","position":1,"name":"Accueil","item":"https:\/\/www.ledkaraib.com\/"},{"@type":"ListItem","position":2,"name":"Shop","item":"https:\/\/www.ledkaraib.com\/index.php\/shop-3\/"},{"@type":"ListItem","position":3,"name":"TRUST Built-in LED Dimmer ACM-250-LD NL"}]},{"@type":"WebSite","@id":"https:\/\/www.ledkaraib.com\/#website","url":"https:\/\/www.ledkaraib.com\/","name":"Planete LED Solution d&#039;Eclairage LED","description":"","potentialAction":[{"@type":"SearchAction","target":{"@type":"EntryPoint","urlTemplate":"https:\/\/www.ledkaraib.com\/?s={search_term_string}"},"query-input":{"@type":"PropertyValueSpecification","valueRequired":true,"valueName":"search_term_string"}}],"inLanguage":"fr-FR"}]}},"jetpack_sharing_enabled":true,"_links":{"self":[{"href":"https:\/\/www.ledkaraib.com\/index.php\/wp-json\/wp\/v2\/product\/25009","targetHints":{"allow":["GET"]}}],"collection":[{"href":"https:\/\/www.ledkaraib.com\/index.php\/wp-json\/wp\/v2\/product"}],"about":[{"href":"https:\/\/www.ledkaraib.com\/index.php\/wp-json\/wp\/v2\/types\/product"}],"version-history":[{"count":0,"href":"https:\/\/www.ledkaraib.com\/index.php\/wp-json\/wp\/v2\/product\/25009\/revisions"}],"wp:featuredmedia":[{"embeddable":true,"href":"https:\/\/www.ledkaraib.com\/index.php\/wp-json\/wp\/v2\/media\/25039"}],"wp:attachment":[{"href":"https:\/\/www.ledkaraib.com\/index.php\/wp-json\/wp\/v2\/media?parent=25009"}],"wp:term":[{"taxonomy":"brand","embeddable":true,"href":"https:\/\/www.ledkaraib.com\/index.php\/wp-json\/wp\/v2\/etheme_brands?post=25009"},{"taxonomy":"product_brand","embeddable":true,"href":"https:\/\/www.ledkaraib.com\/index.php\/wp-json\/wp\/v2\/product_brand?post=25009"},{"taxonomy":"product_cat","embeddable":true,"href":"https:\/\/www.ledkaraib.com\/index.php\/wp-json\/wp\/v2\/product_cat?post=25009"},{"taxonomy":"product_tag","embeddable":true,"href":"https:\/\/www.ledkaraib.com\/index.php\/wp-json\/wp\/v2\/product_tag?post=25009"}],"curies":[{"name":"wp","href":"https:\/\/api.w.org\/{rel}","templated":true}]}}