{"id":27753,"date":"2021-08-29T21:27:10","date_gmt":"2021-08-29T21:27:10","guid":{"rendered":"https:\/\/ledkaraib.fr\/?post_type=product&#038;p=27753"},"modified":"2023-04-22T11:04:20","modified_gmt":"2023-04-22T15:04:20","slug":"ge-tableau-electrique-precable-2-rangees-9-disjoncteurs-2-inter-diff-40a-30ma-1-type-ac-1-type-a","status":"publish","type":"product","link":"https:\/\/www.ledkaraib.com\/index.php\/produit\/ge-tableau-electrique-precable-2-rangees-9-disjoncteurs-2-inter-diff-40a-30ma-1-type-ac-1-type-a\/","title":{"rendered":"GE Tableau Electrique pr\u00e9cabl\u00e9 2 Rang\u00e9es: 9 disjoncteurs + 2 Inter Diff 40A 30mA (1 type AC + 1 type A)"},"content":{"rendered":"<table class=\"table-data-sheet\">\n<tbody>\n<tr class=\"odd\">\n<td>Marque<\/td>\n<td>General Electric<\/td>\n<\/tr>\n<tr class=\"even\">\n<td>Indice de protection<\/td>\n<td>IP30 (IP40 avec porte)<\/td>\n<\/tr>\n<tr class=\"odd\">\n<td>R\u00e9sistance au fil incandescent<\/td>\n<td>960\u00b0C<\/td>\n<\/tr>\n<tr class=\"even\">\n<td>Type de serrure<\/td>\n<td>Serrure \u00e0 cl\u00e9 vendue s\u00e9par\u00e9ment<\/td>\n<\/tr>\n<tr class=\"odd\">\n<td>Type de porte<\/td>\n<td>En option<\/td>\n<\/tr>\n<tr class=\"even\">\n<td>Isolation<\/td>\n<td>Double isolation EN OPTION avec plaque de fond et porte<\/td>\n<\/tr>\n<tr class=\"odd\">\n<td>Coffret accouplable<\/td>\n<td>Oui, vertical ou horizontal<\/td>\n<\/tr>\n<tr class=\"even\">\n<td>Norme<\/td>\n<td>Certifi\u00e9 NF<\/td>\n<\/tr>\n<tr class=\"odd\">\n<td>Largeur modulaire<\/td>\n<td>13 modules<\/td>\n<\/tr>\n<tr class=\"even\">\n<td>Volume modulaire<\/td>\n<td>1, 2, 3 ou 4 rang\u00e9es<\/td>\n<\/tr>\n<tr class=\"odd\">\n<td>Compatible ERP<\/td>\n<td>Oui (\u00c9tablissement recevant du public)<\/td>\n<\/tr>\n<tr class=\"even\">\n<td>Montage<\/td>\n<td>en Saillie<\/td>\n<\/tr>\n<\/tbody>\n<\/table>\n<p>&nbsp;<\/p>\n","protected":false},"excerpt":{"rendered":"<p>Marque General Electric Indice de protection IP30 (IP40 avec porte) R\u00e9sistance au fil incandescent 960\u00b0C Type de serrure Serrure \u00e0 cl\u00e9 vendue s\u00e9par\u00e9ment Type de&#8230;<\/p>\n","protected":false},"featured_media":27796,"template":"","meta":{"content-type":""},"etheme_brands":[],"product_brand":[],"product_cat":[482],"product_tag":[],"class_list":{"0":"post-27753","1":"product","2":"type-product","3":"status-publish","4":"has-post-thumbnail","6":"product_cat-tableau-electrique-nu-et-pre-equipe","8":"first","9":"instock","10":"taxable","11":"shipping-taxable","12":"purchasable","13":"product-type-simple"},"yoast_head":"<!-- This site is optimized with the Yoast SEO plugin v26.0 - https:\/\/yoast.com\/wordpress\/plugins\/seo\/ -->\n<title>GE Tableau Electrique pr\u00e9cabl\u00e9 2 Rang\u00e9es: 9 disjoncteurs + 2 Inter Diff 40A 30mA (1 type AC + 1 type A) - Planete LED Solution d&#039;Eclairage LED<\/title>\n<meta name=\"robots\" content=\"index, follow, max-snippet:-1, max-image-preview:large, max-video-preview:-1\" \/>\n<link rel=\"canonical\" href=\"https:\/\/www.ledkaraib.com\/index.php\/produit\/ge-tableau-electrique-precable-2-rangees-9-disjoncteurs-2-inter-diff-40a-30ma-1-type-ac-1-type-a\/\" \/>\n<meta property=\"og:locale\" content=\"fr_FR\" \/>\n<meta property=\"og:type\" content=\"article\" \/>\n<meta property=\"og:title\" content=\"GE Tableau Electrique pr\u00e9cabl\u00e9 2 Rang\u00e9es: 9 disjoncteurs + 2 Inter Diff 40A 30mA (1 type AC + 1 type A) - Planete LED Solution d&#039;Eclairage LED\" \/>\n<meta property=\"og:description\" content=\"Marque General Electric Indice de protection IP30 (IP40 avec porte) R\u00e9sistance au fil incandescent 960\u00b0C Type de serrure Serrure \u00e0 cl\u00e9 vendue s\u00e9par\u00e9ment Type de...\" \/>\n<meta property=\"og:url\" content=\"https:\/\/www.ledkaraib.com\/index.php\/produit\/ge-tableau-electrique-precable-2-rangees-9-disjoncteurs-2-inter-diff-40a-30ma-1-type-ac-1-type-a\/\" \/>\n<meta property=\"og:site_name\" content=\"Planete LED Solution d&#039;Eclairage LED\" \/>\n<meta property=\"article:modified_time\" content=\"2023-04-22T15:04:20+00:00\" \/>\n<meta property=\"og:image\" content=\"https:\/\/www.ledkaraib.com\/wp-content\/uploads\/2021\/08\/78251.jpg\" \/>\n\t<meta property=\"og:image:width\" content=\"800\" \/>\n\t<meta property=\"og:image:height\" content=\"800\" \/>\n\t<meta property=\"og:image:type\" content=\"image\/jpeg\" \/>\n<meta name=\"twitter:card\" content=\"summary_large_image\" \/>\n<script type=\"application\/ld+json\" class=\"yoast-schema-graph\">{\"@context\":\"https:\/\/schema.org\",\"@graph\":[{\"@type\":\"WebPage\",\"@id\":\"https:\/\/www.ledkaraib.com\/index.php\/produit\/ge-tableau-electrique-precable-2-rangees-9-disjoncteurs-2-inter-diff-40a-30ma-1-type-ac-1-type-a\/\",\"url\":\"https:\/\/www.ledkaraib.com\/index.php\/produit\/ge-tableau-electrique-precable-2-rangees-9-disjoncteurs-2-inter-diff-40a-30ma-1-type-ac-1-type-a\/\",\"name\":\"GE Tableau Electrique pr\u00e9cabl\u00e9 2 Rang\u00e9es: 9 disjoncteurs + 2 Inter Diff 40A 30mA (1 type AC + 1 type A) - Planete LED Solution d&#039;Eclairage LED\",\"isPartOf\":{\"@id\":\"https:\/\/www.ledkaraib.com\/#website\"},\"primaryImageOfPage\":{\"@id\":\"https:\/\/www.ledkaraib.com\/index.php\/produit\/ge-tableau-electrique-precable-2-rangees-9-disjoncteurs-2-inter-diff-40a-30ma-1-type-ac-1-type-a\/#primaryimage\"},\"image\":{\"@id\":\"https:\/\/www.ledkaraib.com\/index.php\/produit\/ge-tableau-electrique-precable-2-rangees-9-disjoncteurs-2-inter-diff-40a-30ma-1-type-ac-1-type-a\/#primaryimage\"},\"thumbnailUrl\":\"https:\/\/www.ledkaraib.com\/wp-content\/uploads\/2021\/08\/78251.jpg\",\"datePublished\":\"2021-08-29T21:27:10+00:00\",\"dateModified\":\"2023-04-22T15:04:20+00:00\",\"breadcrumb\":{\"@id\":\"https:\/\/www.ledkaraib.com\/index.php\/produit\/ge-tableau-electrique-precable-2-rangees-9-disjoncteurs-2-inter-diff-40a-30ma-1-type-ac-1-type-a\/#breadcrumb\"},\"inLanguage\":\"fr-FR\",\"potentialAction\":[{\"@type\":\"ReadAction\",\"target\":[\"https:\/\/www.ledkaraib.com\/index.php\/produit\/ge-tableau-electrique-precable-2-rangees-9-disjoncteurs-2-inter-diff-40a-30ma-1-type-ac-1-type-a\/\"]}]},{\"@type\":\"ImageObject\",\"inLanguage\":\"fr-FR\",\"@id\":\"https:\/\/www.ledkaraib.com\/index.php\/produit\/ge-tableau-electrique-precable-2-rangees-9-disjoncteurs-2-inter-diff-40a-30ma-1-type-ac-1-type-a\/#primaryimage\",\"url\":\"https:\/\/www.ledkaraib.com\/wp-content\/uploads\/2021\/08\/78251.jpg\",\"contentUrl\":\"https:\/\/www.ledkaraib.com\/wp-content\/uploads\/2021\/08\/78251.jpg\",\"width\":800,\"height\":800},{\"@type\":\"BreadcrumbList\",\"@id\":\"https:\/\/www.ledkaraib.com\/index.php\/produit\/ge-tableau-electrique-precable-2-rangees-9-disjoncteurs-2-inter-diff-40a-30ma-1-type-ac-1-type-a\/#breadcrumb\",\"itemListElement\":[{\"@type\":\"ListItem\",\"position\":1,\"name\":\"Accueil\",\"item\":\"https:\/\/www.ledkaraib.com\/\"},{\"@type\":\"ListItem\",\"position\":2,\"name\":\"Shop\",\"item\":\"https:\/\/www.ledkaraib.com\/index.php\/shop-3\/\"},{\"@type\":\"ListItem\",\"position\":3,\"name\":\"GE Tableau Electrique pr\u00e9cabl\u00e9 2 Rang\u00e9es: 9 disjoncteurs + 2 Inter Diff 40A 30mA (1 type AC + 1 type A)\"}]},{\"@type\":\"WebSite\",\"@id\":\"https:\/\/www.ledkaraib.com\/#website\",\"url\":\"https:\/\/www.ledkaraib.com\/\",\"name\":\"Planete LED Solution d&#039;Eclairage LED\",\"description\":\"\",\"potentialAction\":[{\"@type\":\"SearchAction\",\"target\":{\"@type\":\"EntryPoint\",\"urlTemplate\":\"https:\/\/www.ledkaraib.com\/?s={search_term_string}\"},\"query-input\":{\"@type\":\"PropertyValueSpecification\",\"valueRequired\":true,\"valueName\":\"search_term_string\"}}],\"inLanguage\":\"fr-FR\"}]}<\/script>\n<!-- \/ Yoast SEO plugin. -->","yoast_head_json":{"title":"GE Tableau Electrique pr\u00e9cabl\u00e9 2 Rang\u00e9es: 9 disjoncteurs + 2 Inter Diff 40A 30mA (1 type AC + 1 type A) - Planete LED Solution d&#039;Eclairage LED","robots":{"index":"index","follow":"follow","max-snippet":"max-snippet:-1","max-image-preview":"max-image-preview:large","max-video-preview":"max-video-preview:-1"},"canonical":"https:\/\/www.ledkaraib.com\/index.php\/produit\/ge-tableau-electrique-precable-2-rangees-9-disjoncteurs-2-inter-diff-40a-30ma-1-type-ac-1-type-a\/","og_locale":"fr_FR","og_type":"article","og_title":"GE Tableau Electrique pr\u00e9cabl\u00e9 2 Rang\u00e9es: 9 disjoncteurs + 2 Inter Diff 40A 30mA (1 type AC + 1 type A) - Planete LED Solution d&#039;Eclairage LED","og_description":"Marque General Electric Indice de protection IP30 (IP40 avec porte) R\u00e9sistance au fil incandescent 960\u00b0C Type de serrure Serrure \u00e0 cl\u00e9 vendue s\u00e9par\u00e9ment Type de...","og_url":"https:\/\/www.ledkaraib.com\/index.php\/produit\/ge-tableau-electrique-precable-2-rangees-9-disjoncteurs-2-inter-diff-40a-30ma-1-type-ac-1-type-a\/","og_site_name":"Planete LED Solution d&#039;Eclairage LED","article_modified_time":"2023-04-22T15:04:20+00:00","og_image":[{"width":800,"height":800,"url":"https:\/\/www.ledkaraib.com\/wp-content\/uploads\/2021\/08\/78251.jpg","type":"image\/jpeg"}],"twitter_card":"summary_large_image","schema":{"@context":"https:\/\/schema.org","@graph":[{"@type":"WebPage","@id":"https:\/\/www.ledkaraib.com\/index.php\/produit\/ge-tableau-electrique-precable-2-rangees-9-disjoncteurs-2-inter-diff-40a-30ma-1-type-ac-1-type-a\/","url":"https:\/\/www.ledkaraib.com\/index.php\/produit\/ge-tableau-electrique-precable-2-rangees-9-disjoncteurs-2-inter-diff-40a-30ma-1-type-ac-1-type-a\/","name":"GE Tableau Electrique pr\u00e9cabl\u00e9 2 Rang\u00e9es: 9 disjoncteurs + 2 Inter Diff 40A 30mA (1 type AC + 1 type A) - Planete LED Solution d&#039;Eclairage LED","isPartOf":{"@id":"https:\/\/www.ledkaraib.com\/#website"},"primaryImageOfPage":{"@id":"https:\/\/www.ledkaraib.com\/index.php\/produit\/ge-tableau-electrique-precable-2-rangees-9-disjoncteurs-2-inter-diff-40a-30ma-1-type-ac-1-type-a\/#primaryimage"},"image":{"@id":"https:\/\/www.ledkaraib.com\/index.php\/produit\/ge-tableau-electrique-precable-2-rangees-9-disjoncteurs-2-inter-diff-40a-30ma-1-type-ac-1-type-a\/#primaryimage"},"thumbnailUrl":"https:\/\/www.ledkaraib.com\/wp-content\/uploads\/2021\/08\/78251.jpg","datePublished":"2021-08-29T21:27:10+00:00","dateModified":"2023-04-22T15:04:20+00:00","breadcrumb":{"@id":"https:\/\/www.ledkaraib.com\/index.php\/produit\/ge-tableau-electrique-precable-2-rangees-9-disjoncteurs-2-inter-diff-40a-30ma-1-type-ac-1-type-a\/#breadcrumb"},"inLanguage":"fr-FR","potentialAction":[{"@type":"ReadAction","target":["https:\/\/www.ledkaraib.com\/index.php\/produit\/ge-tableau-electrique-precable-2-rangees-9-disjoncteurs-2-inter-diff-40a-30ma-1-type-ac-1-type-a\/"]}]},{"@type":"ImageObject","inLanguage":"fr-FR","@id":"https:\/\/www.ledkaraib.com\/index.php\/produit\/ge-tableau-electrique-precable-2-rangees-9-disjoncteurs-2-inter-diff-40a-30ma-1-type-ac-1-type-a\/#primaryimage","url":"https:\/\/www.ledkaraib.com\/wp-content\/uploads\/2021\/08\/78251.jpg","contentUrl":"https:\/\/www.ledkaraib.com\/wp-content\/uploads\/2021\/08\/78251.jpg","width":800,"height":800},{"@type":"BreadcrumbList","@id":"https:\/\/www.ledkaraib.com\/index.php\/produit\/ge-tableau-electrique-precable-2-rangees-9-disjoncteurs-2-inter-diff-40a-30ma-1-type-ac-1-type-a\/#breadcrumb","itemListElement":[{"@type":"ListItem","position":1,"name":"Accueil","item":"https:\/\/www.ledkaraib.com\/"},{"@type":"ListItem","position":2,"name":"Shop","item":"https:\/\/www.ledkaraib.com\/index.php\/shop-3\/"},{"@type":"ListItem","position":3,"name":"GE Tableau Electrique pr\u00e9cabl\u00e9 2 Rang\u00e9es: 9 disjoncteurs + 2 Inter Diff 40A 30mA (1 type AC + 1 type A)"}]},{"@type":"WebSite","@id":"https:\/\/www.ledkaraib.com\/#website","url":"https:\/\/www.ledkaraib.com\/","name":"Planete LED Solution d&#039;Eclairage LED","description":"","potentialAction":[{"@type":"SearchAction","target":{"@type":"EntryPoint","urlTemplate":"https:\/\/www.ledkaraib.com\/?s={search_term_string}"},"query-input":{"@type":"PropertyValueSpecification","valueRequired":true,"valueName":"search_term_string"}}],"inLanguage":"fr-FR"}]}},"jetpack_sharing_enabled":true,"_links":{"self":[{"href":"https:\/\/www.ledkaraib.com\/index.php\/wp-json\/wp\/v2\/product\/27753","targetHints":{"allow":["GET"]}}],"collection":[{"href":"https:\/\/www.ledkaraib.com\/index.php\/wp-json\/wp\/v2\/product"}],"about":[{"href":"https:\/\/www.ledkaraib.com\/index.php\/wp-json\/wp\/v2\/types\/product"}],"version-history":[{"count":0,"href":"https:\/\/www.ledkaraib.com\/index.php\/wp-json\/wp\/v2\/product\/27753\/revisions"}],"wp:featuredmedia":[{"embeddable":true,"href":"https:\/\/www.ledkaraib.com\/index.php\/wp-json\/wp\/v2\/media\/27796"}],"wp:attachment":[{"href":"https:\/\/www.ledkaraib.com\/index.php\/wp-json\/wp\/v2\/media?parent=27753"}],"wp:term":[{"taxonomy":"brand","embeddable":true,"href":"https:\/\/www.ledkaraib.com\/index.php\/wp-json\/wp\/v2\/etheme_brands?post=27753"},{"taxonomy":"product_brand","embeddable":true,"href":"https:\/\/www.ledkaraib.com\/index.php\/wp-json\/wp\/v2\/product_brand?post=27753"},{"taxonomy":"product_cat","embeddable":true,"href":"https:\/\/www.ledkaraib.com\/index.php\/wp-json\/wp\/v2\/product_cat?post=27753"},{"taxonomy":"product_tag","embeddable":true,"href":"https:\/\/www.ledkaraib.com\/index.php\/wp-json\/wp\/v2\/product_tag?post=27753"}],"curies":[{"name":"wp","href":"https:\/\/api.w.org\/{rel}","templated":true}]}}