{"id":27780,"date":"2021-08-29T21:27:42","date_gmt":"2021-08-29T21:27:42","guid":{"rendered":"https:\/\/ledkaraib.fr\/?post_type=product&#038;p=27780"},"modified":"2021-08-29T21:28:16","modified_gmt":"2021-08-29T21:28:16","slug":"horloge-hebdomadaire-analogique-general-electric","status":"publish","type":"product","link":"https:\/\/www.ledkaraib.com\/index.php\/produit\/horloge-hebdomadaire-analogique-general-electric\/","title":{"rendered":"Horloge hebdomadaire analogique General Electric"},"content":{"rendered":"<section class=\"page-product-box\">\n<table class=\"table-data-sheet\">\n<tbody>\n<tr class=\"odd\">\n<td>Amperage<\/td>\n<td>16A<\/td>\n<\/tr>\n<tr class=\"even\">\n<td>Type de connexion<\/td>\n<td>\u00c0 Vis<\/td>\n<\/tr>\n<tr class=\"odd\">\n<td>Temp\u00e9rature d&rsquo;utilisation<\/td>\n<td>-25\u00b0C \u00e0 +55\u00b0C<\/td>\n<\/tr>\n<tr class=\"even\">\n<td>Tension nominale<\/td>\n<td>230V<\/td>\n<\/tr>\n<tr class=\"odd\">\n<td>AC\/CC<\/td>\n<td>AC<\/td>\n<\/tr>\n<tr class=\"even\">\n<td>Nombre de modules<\/td>\n<td>3 modules<\/td>\n<\/tr>\n<tr class=\"odd\">\n<td>Norme<\/td>\n<td>Certifi\u00e9 CE<\/td>\n<\/tr>\n<tr class=\"even\">\n<td>Type de contact<\/td>\n<td>1NO<\/td>\n<\/tr>\n<tr class=\"odd\">\n<td>Programmation<\/td>\n<td>Programme hebdomadaire<\/td>\n<\/tr>\n<tr class=\"even\">\n<td>Montage<\/td>\n<td>sur rail DIN<\/td>\n<\/tr>\n<\/tbody>\n<\/table>\n<\/section>\n<section id=\"more_info_tabs\" class=\"page-product-box\">\n<h3 class=\"page-product-heading\"><span style=\"font-size: 16px;\">Carat\u00e9ristiques techniques :<\/span><\/h3>\n<div class=\"rte\">\n<ul>\n<li>alimentation : 230 V &#8211; 50\/60 Hz<\/li>\n<li>courant nominal : 16 (4) A 250V<\/li>\n<li>consommation \u00e9lectrique : 0,5W<\/li>\n<li>pr\u00e9cision de fonctionnement : plus ou moins 1s\/jour \u00e0 23\u00b0C<\/li>\n<li>type de cadran : 48 segments<\/li>\n<li>dur\u00e9e minimale de fonctionnement : 3,5 heures (210 minutes)<\/li>\n<li>pr\u00e9cision de commutation : plus ou moins 52.5 minutes<\/li>\n<li>contr\u00f4le manuel par s\u00e9lecteur \u00e0 3 positions :\n<ul>\n<li>O = Fonctionnement d\u00e9connect\u00e9<\/li>\n<li>A = Fonctionnement automatique<\/li>\n<li>I = Fonctionnement permanent<\/li>\n<\/ul>\n<\/li>\n<li>r\u00e9serve de marche : 150h (pile rechargeable NiMH &#8211; remplacement) (sans CLS+S D)<\/li>\n<li>temp\u00e9rature de fonctionnement : -10\u00b0C\/+50\u00b0C<\/li>\n<li>classe de protection : II<\/li>\n<li>cat\u00e9gorie de protection : IP20<\/li>\n<li>taille 2 modules DIN<\/li>\n<\/ul>\n<p><img loading=\"lazy\" loading=\"lazy\" decoding=\"async\" src=\"https:\/\/www.lelectricien.net\/img\/description%20Horloge%20hebdomadaire%20analogique%20General%20Electric.PNG\" alt=\"description Horloge hebdomadaire analogique General Electric\" width=\"495\" height=\"243\" \/><\/p>\n<p>&nbsp;<\/p>\n<h1><a id=\"programmation\" name=\"programmation\"><\/a>Programmation de l&rsquo;horloge hebdomadaire analogique General Electric<\/h1>\n<h2>Sch\u00e9mas de connexion<\/h2>\n<p><img loading=\"lazy\" loading=\"lazy\" decoding=\"async\" src=\"https:\/\/www.lelectricien.net\/img\/schema%20de%20connexion%20Horloge%20hebdomadaire%20analogique%20General%20Electric.PNG\" alt=\"schema de connexion Horloge hebdomadaire analogique General Electric\" width=\"494\" height=\"346\" \/><\/p>\n<ul>\n<li>soulever le couvercle transparent<\/li>\n<li>d\u00e9placer tous les segments de r\u00e9glage \u00e0 l&rsquo;int\u00e9rieur de la sph\u00e8re (le contact 3-2 reste ferm\u00e9)<\/li>\n<li>d\u00e9placer les segments de r\u00e9glage correspondant aux heures de mise sous tension souhait\u00e9es vers l&rsquo;ext\u00e9rieur, dans lesquelles le contact 3-1 reste ferm\u00e9. Chaque segment correspond \u00e0 3.5h<\/li>\n<li>le nombre de segments \u00e0 l&rsquo;ext\u00e9rieur d\u00e9finit l&rsquo;heure de fonctionnement<\/li>\n<li>tourner l&rsquo;aiguille des minutes \u00e0 la main dans le sens horaire jusqu&rsquo;\u00e0 ce que l&rsquo;index indique l&rsquo;heure actuelle<\/li>\n<li>fermer le couvercle transparent<\/li>\n<li>mettre le dispositif sous tension<\/li>\n<li>mode manuel : le s\u00e9lecteur permet de choisir 3 positions<\/li>\n<\/ul>\n<p>&nbsp;<\/p>\n<h2>Remplacement de la pile<\/h2>\n<p>Pour remplacer la pile :<\/p>\n<ul>\n<li>d\u00e9connecter l&rsquo;alimentation<\/li>\n<li>retirer le support de la pile<\/li>\n<li>remplacer la pile<\/li>\n<li>connecter \u00e0 l&rsquo;alimentation<\/li>\n<\/ul>\n<p>Utiliser uniquement des piles V80H<\/p>\n<p>Jeter les piles d\u00e9charg\u00e9es conform\u00e9ment aux r\u00e9glementations en vigueur sur l&rsquo;\u00e9liminationdes d\u00e9chets nocifs.<\/p>\n<p><img loading=\"lazy\" loading=\"lazy\" decoding=\"async\" src=\"https:\/\/www.lelectricien.net\/img\/remplacement%20de%20la%20pile%20Horloge%20hebdomadaire%20analogique%20General%20Electric.PNG\" alt=\"remplacement de la pile Horloge hebdomadaire analogique General Electric\" width=\"413\" height=\"126\" \/><\/p>\n<p>&nbsp;<\/p>\n<h1>Dimensions de l&rsquo;horloge analogique 687438 -39-40<\/h1>\n<p><img loading=\"lazy\" loading=\"lazy\" decoding=\"async\" src=\"https:\/\/www.lelectricien.net\/img\/dimensions%20Horloge%20hebdomadaire%20analogique%20General%20Electric.PNG\" alt=\"dimensions Horloge hebdomadaire analogique General Electric\" width=\"471\" height=\"284\" \/><\/p>\n<\/div>\n<\/section>\n","protected":false},"excerpt":{"rendered":"<p>Amperage 16A Type de connexion \u00c0 Vis Temp\u00e9rature d&rsquo;utilisation -25\u00b0C \u00e0 +55\u00b0C Tension nominale 230V AC\/CC AC Nombre de modules 3 modules Norme Certifi\u00e9 CE&#8230;<\/p>\n","protected":false},"featured_media":27824,"template":"","meta":{"content-type":""},"etheme_brands":[],"product_brand":[],"product_cat":[485],"product_tag":[],"class_list":{"0":"post-27780","1":"product","2":"type-product","3":"status-publish","4":"has-post-thumbnail","6":"product_cat-horloge-modulaire","8":"first","9":"instock","10":"taxable","11":"shipping-taxable","12":"purchasable","13":"product-type-simple"},"yoast_head":"<!-- This site is optimized with the Yoast SEO plugin v26.0 - https:\/\/yoast.com\/wordpress\/plugins\/seo\/ -->\n<title>Horloge hebdomadaire analogique General Electric - Planete LED Solution d&#039;Eclairage LED<\/title>\n<meta name=\"robots\" content=\"index, follow, max-snippet:-1, max-image-preview:large, max-video-preview:-1\" \/>\n<link rel=\"canonical\" href=\"https:\/\/www.ledkaraib.com\/index.php\/produit\/horloge-hebdomadaire-analogique-general-electric\/\" \/>\n<meta property=\"og:locale\" content=\"fr_FR\" \/>\n<meta property=\"og:type\" content=\"article\" \/>\n<meta property=\"og:title\" content=\"Horloge hebdomadaire analogique General Electric - Planete LED Solution d&#039;Eclairage LED\" \/>\n<meta property=\"og:description\" content=\"Amperage 16A Type de connexion \u00c0 Vis Temp\u00e9rature d&rsquo;utilisation -25\u00b0C \u00e0 +55\u00b0C Tension nominale 230V AC\/CC AC Nombre de modules 3 modules Norme Certifi\u00e9 CE...\" \/>\n<meta property=\"og:url\" content=\"https:\/\/www.ledkaraib.com\/index.php\/produit\/horloge-hebdomadaire-analogique-general-electric\/\" \/>\n<meta property=\"og:site_name\" content=\"Planete LED Solution d&#039;Eclairage LED\" \/>\n<meta property=\"article:modified_time\" content=\"2021-08-29T21:28:16+00:00\" \/>\n<meta property=\"og:image\" content=\"https:\/\/www.ledkaraib.com\/wp-content\/uploads\/2021\/08\/687440.jpg\" \/>\n\t<meta property=\"og:image:width\" content=\"800\" \/>\n\t<meta property=\"og:image:height\" content=\"800\" \/>\n\t<meta property=\"og:image:type\" content=\"image\/jpeg\" \/>\n<meta name=\"twitter:card\" content=\"summary_large_image\" \/>\n<meta name=\"twitter:label1\" content=\"Dur\u00e9e de lecture estim\u00e9e\" \/>\n\t<meta name=\"twitter:data1\" content=\"1 minute\" \/>\n<script type=\"application\/ld+json\" class=\"yoast-schema-graph\">{\"@context\":\"https:\/\/schema.org\",\"@graph\":[{\"@type\":\"WebPage\",\"@id\":\"https:\/\/www.ledkaraib.com\/index.php\/produit\/horloge-hebdomadaire-analogique-general-electric\/\",\"url\":\"https:\/\/www.ledkaraib.com\/index.php\/produit\/horloge-hebdomadaire-analogique-general-electric\/\",\"name\":\"Horloge hebdomadaire analogique General Electric - Planete LED Solution d&#039;Eclairage LED\",\"isPartOf\":{\"@id\":\"https:\/\/www.ledkaraib.com\/#website\"},\"primaryImageOfPage\":{\"@id\":\"https:\/\/www.ledkaraib.com\/index.php\/produit\/horloge-hebdomadaire-analogique-general-electric\/#primaryimage\"},\"image\":{\"@id\":\"https:\/\/www.ledkaraib.com\/index.php\/produit\/horloge-hebdomadaire-analogique-general-electric\/#primaryimage\"},\"thumbnailUrl\":\"https:\/\/www.ledkaraib.com\/wp-content\/uploads\/2021\/08\/687440.jpg\",\"datePublished\":\"2021-08-29T21:27:42+00:00\",\"dateModified\":\"2021-08-29T21:28:16+00:00\",\"breadcrumb\":{\"@id\":\"https:\/\/www.ledkaraib.com\/index.php\/produit\/horloge-hebdomadaire-analogique-general-electric\/#breadcrumb\"},\"inLanguage\":\"fr-FR\",\"potentialAction\":[{\"@type\":\"ReadAction\",\"target\":[\"https:\/\/www.ledkaraib.com\/index.php\/produit\/horloge-hebdomadaire-analogique-general-electric\/\"]}]},{\"@type\":\"ImageObject\",\"inLanguage\":\"fr-FR\",\"@id\":\"https:\/\/www.ledkaraib.com\/index.php\/produit\/horloge-hebdomadaire-analogique-general-electric\/#primaryimage\",\"url\":\"https:\/\/www.ledkaraib.com\/wp-content\/uploads\/2021\/08\/687440.jpg\",\"contentUrl\":\"https:\/\/www.ledkaraib.com\/wp-content\/uploads\/2021\/08\/687440.jpg\",\"width\":800,\"height\":800},{\"@type\":\"BreadcrumbList\",\"@id\":\"https:\/\/www.ledkaraib.com\/index.php\/produit\/horloge-hebdomadaire-analogique-general-electric\/#breadcrumb\",\"itemListElement\":[{\"@type\":\"ListItem\",\"position\":1,\"name\":\"Accueil\",\"item\":\"https:\/\/www.ledkaraib.com\/\"},{\"@type\":\"ListItem\",\"position\":2,\"name\":\"Shop\",\"item\":\"https:\/\/www.ledkaraib.com\/index.php\/shop-3\/\"},{\"@type\":\"ListItem\",\"position\":3,\"name\":\"Horloge hebdomadaire analogique General Electric\"}]},{\"@type\":\"WebSite\",\"@id\":\"https:\/\/www.ledkaraib.com\/#website\",\"url\":\"https:\/\/www.ledkaraib.com\/\",\"name\":\"Planete LED Solution d&#039;Eclairage LED\",\"description\":\"\",\"potentialAction\":[{\"@type\":\"SearchAction\",\"target\":{\"@type\":\"EntryPoint\",\"urlTemplate\":\"https:\/\/www.ledkaraib.com\/?s={search_term_string}\"},\"query-input\":{\"@type\":\"PropertyValueSpecification\",\"valueRequired\":true,\"valueName\":\"search_term_string\"}}],\"inLanguage\":\"fr-FR\"}]}<\/script>\n<!-- \/ Yoast SEO plugin. -->","yoast_head_json":{"title":"Horloge hebdomadaire analogique General Electric - Planete LED Solution d&#039;Eclairage LED","robots":{"index":"index","follow":"follow","max-snippet":"max-snippet:-1","max-image-preview":"max-image-preview:large","max-video-preview":"max-video-preview:-1"},"canonical":"https:\/\/www.ledkaraib.com\/index.php\/produit\/horloge-hebdomadaire-analogique-general-electric\/","og_locale":"fr_FR","og_type":"article","og_title":"Horloge hebdomadaire analogique General Electric - Planete LED Solution d&#039;Eclairage LED","og_description":"Amperage 16A Type de connexion \u00c0 Vis Temp\u00e9rature d&rsquo;utilisation -25\u00b0C \u00e0 +55\u00b0C Tension nominale 230V AC\/CC AC Nombre de modules 3 modules Norme Certifi\u00e9 CE...","og_url":"https:\/\/www.ledkaraib.com\/index.php\/produit\/horloge-hebdomadaire-analogique-general-electric\/","og_site_name":"Planete LED Solution d&#039;Eclairage LED","article_modified_time":"2021-08-29T21:28:16+00:00","og_image":[{"width":800,"height":800,"url":"https:\/\/www.ledkaraib.com\/wp-content\/uploads\/2021\/08\/687440.jpg","type":"image\/jpeg"}],"twitter_card":"summary_large_image","twitter_misc":{"Dur\u00e9e de lecture estim\u00e9e":"1 minute"},"schema":{"@context":"https:\/\/schema.org","@graph":[{"@type":"WebPage","@id":"https:\/\/www.ledkaraib.com\/index.php\/produit\/horloge-hebdomadaire-analogique-general-electric\/","url":"https:\/\/www.ledkaraib.com\/index.php\/produit\/horloge-hebdomadaire-analogique-general-electric\/","name":"Horloge hebdomadaire analogique General Electric - Planete LED Solution d&#039;Eclairage LED","isPartOf":{"@id":"https:\/\/www.ledkaraib.com\/#website"},"primaryImageOfPage":{"@id":"https:\/\/www.ledkaraib.com\/index.php\/produit\/horloge-hebdomadaire-analogique-general-electric\/#primaryimage"},"image":{"@id":"https:\/\/www.ledkaraib.com\/index.php\/produit\/horloge-hebdomadaire-analogique-general-electric\/#primaryimage"},"thumbnailUrl":"https:\/\/www.ledkaraib.com\/wp-content\/uploads\/2021\/08\/687440.jpg","datePublished":"2021-08-29T21:27:42+00:00","dateModified":"2021-08-29T21:28:16+00:00","breadcrumb":{"@id":"https:\/\/www.ledkaraib.com\/index.php\/produit\/horloge-hebdomadaire-analogique-general-electric\/#breadcrumb"},"inLanguage":"fr-FR","potentialAction":[{"@type":"ReadAction","target":["https:\/\/www.ledkaraib.com\/index.php\/produit\/horloge-hebdomadaire-analogique-general-electric\/"]}]},{"@type":"ImageObject","inLanguage":"fr-FR","@id":"https:\/\/www.ledkaraib.com\/index.php\/produit\/horloge-hebdomadaire-analogique-general-electric\/#primaryimage","url":"https:\/\/www.ledkaraib.com\/wp-content\/uploads\/2021\/08\/687440.jpg","contentUrl":"https:\/\/www.ledkaraib.com\/wp-content\/uploads\/2021\/08\/687440.jpg","width":800,"height":800},{"@type":"BreadcrumbList","@id":"https:\/\/www.ledkaraib.com\/index.php\/produit\/horloge-hebdomadaire-analogique-general-electric\/#breadcrumb","itemListElement":[{"@type":"ListItem","position":1,"name":"Accueil","item":"https:\/\/www.ledkaraib.com\/"},{"@type":"ListItem","position":2,"name":"Shop","item":"https:\/\/www.ledkaraib.com\/index.php\/shop-3\/"},{"@type":"ListItem","position":3,"name":"Horloge hebdomadaire analogique General Electric"}]},{"@type":"WebSite","@id":"https:\/\/www.ledkaraib.com\/#website","url":"https:\/\/www.ledkaraib.com\/","name":"Planete LED Solution d&#039;Eclairage LED","description":"","potentialAction":[{"@type":"SearchAction","target":{"@type":"EntryPoint","urlTemplate":"https:\/\/www.ledkaraib.com\/?s={search_term_string}"},"query-input":{"@type":"PropertyValueSpecification","valueRequired":true,"valueName":"search_term_string"}}],"inLanguage":"fr-FR"}]}},"jetpack_sharing_enabled":true,"_links":{"self":[{"href":"https:\/\/www.ledkaraib.com\/index.php\/wp-json\/wp\/v2\/product\/27780","targetHints":{"allow":["GET"]}}],"collection":[{"href":"https:\/\/www.ledkaraib.com\/index.php\/wp-json\/wp\/v2\/product"}],"about":[{"href":"https:\/\/www.ledkaraib.com\/index.php\/wp-json\/wp\/v2\/types\/product"}],"version-history":[{"count":0,"href":"https:\/\/www.ledkaraib.com\/index.php\/wp-json\/wp\/v2\/product\/27780\/revisions"}],"wp:featuredmedia":[{"embeddable":true,"href":"https:\/\/www.ledkaraib.com\/index.php\/wp-json\/wp\/v2\/media\/27824"}],"wp:attachment":[{"href":"https:\/\/www.ledkaraib.com\/index.php\/wp-json\/wp\/v2\/media?parent=27780"}],"wp:term":[{"taxonomy":"brand","embeddable":true,"href":"https:\/\/www.ledkaraib.com\/index.php\/wp-json\/wp\/v2\/etheme_brands?post=27780"},{"taxonomy":"product_brand","embeddable":true,"href":"https:\/\/www.ledkaraib.com\/index.php\/wp-json\/wp\/v2\/product_brand?post=27780"},{"taxonomy":"product_cat","embeddable":true,"href":"https:\/\/www.ledkaraib.com\/index.php\/wp-json\/wp\/v2\/product_cat?post=27780"},{"taxonomy":"product_tag","embeddable":true,"href":"https:\/\/www.ledkaraib.com\/index.php\/wp-json\/wp\/v2\/product_tag?post=27780"}],"curies":[{"name":"wp","href":"https:\/\/api.w.org\/{rel}","templated":true}]}}