{"id":28495,"date":"2021-08-29T21:35:27","date_gmt":"2021-08-29T21:35:27","guid":{"rendered":"https:\/\/ledkaraib.fr\/?post_type=product&#038;p=28495"},"modified":"2024-09-09T15:09:48","modified_gmt":"2024-09-09T19:09:48","slug":"livolo-mecanisme-prise-de-courant-champagne-avec-terre-2","status":"publish","type":"product","link":"https:\/\/www.ledkaraib.com\/index.php\/produit\/livolo-mecanisme-prise-de-courant-champagne-avec-terre-2\/","title":{"rendered":"LIVOLO M\u00e9canisme prise de courant grise avec terre"},"content":{"rendered":"<div id=\"description\">\n<div class=\"rte\">\n<p>Interrupteur infrarouge.<\/p>\n<p>&#8211; Compatible avec toute bo\u00eete \u00e0 encastrer ronde standard prof. 40mm (fixation du m\u00e9canisme \u00e0 vis)<\/p>\n<p>Composition : Livr\u00e9 sans plaque de finition<\/p>\n<\/div>\n<\/div>\n<div id=\"features\">\n<div class=\"row-fluid\">\n<div class=\"span4\">Dimensions : 80 x 80 x 36mm<\/div>\n<\/div>\n<div class=\"row-fluid\">\n<div class=\"span4\">Norme : CE \/ ROHS<\/div>\n<\/div>\n<div class=\"row-fluid\">\n<div class=\"span4\">Type de Pose : Encastr\u00e9<\/div>\n<\/div>\n<\/div>\n","protected":false},"excerpt":{"rendered":"<p>Interrupteur infrarouge. &#8211; Compatible avec toute bo\u00eete \u00e0 encastrer ronde standard prof. 40mm (fixation du m\u00e9canisme \u00e0 vis) Composition : Livr\u00e9 sans plaque de finition&#8230;<\/p>\n","protected":false},"featured_media":28547,"template":"","meta":{"content-type":""},"etheme_brands":[],"product_brand":[],"product_cat":[505],"product_tag":[],"class_list":{"0":"post-28495","1":"product","2":"type-product","3":"status-publish","4":"has-post-thumbnail","6":"product_cat-prise-tv-reseau-usb-hdmi","8":"first","9":"instock","10":"taxable","11":"shipping-taxable","12":"purchasable","13":"product-type-simple"},"yoast_head":"<!-- This site is optimized with the Yoast SEO plugin v26.0 - https:\/\/yoast.com\/wordpress\/plugins\/seo\/ -->\n<title>LIVOLO M\u00e9canisme prise de courant grise avec terre - Planete LED Solution d&#039;Eclairage LED<\/title>\n<meta name=\"robots\" content=\"index, follow, max-snippet:-1, max-image-preview:large, max-video-preview:-1\" \/>\n<link rel=\"canonical\" href=\"https:\/\/www.ledkaraib.com\/index.php\/produit\/livolo-mecanisme-prise-de-courant-champagne-avec-terre-2\/\" \/>\n<meta property=\"og:locale\" content=\"fr_FR\" \/>\n<meta property=\"og:type\" content=\"article\" \/>\n<meta property=\"og:title\" content=\"LIVOLO M\u00e9canisme prise de courant grise avec terre - Planete LED Solution d&#039;Eclairage LED\" \/>\n<meta property=\"og:description\" content=\"Interrupteur infrarouge. &#8211; Compatible avec toute bo\u00eete \u00e0 encastrer ronde standard prof. 40mm (fixation du m\u00e9canisme \u00e0 vis) Composition : Livr\u00e9 sans plaque de finition...\" \/>\n<meta property=\"og:url\" content=\"https:\/\/www.ledkaraib.com\/index.php\/produit\/livolo-mecanisme-prise-de-courant-champagne-avec-terre-2\/\" \/>\n<meta property=\"og:site_name\" content=\"Planete LED Solution d&#039;Eclairage LED\" \/>\n<meta property=\"article:modified_time\" content=\"2024-09-09T19:09:48+00:00\" \/>\n<meta property=\"og:image\" content=\"https:\/\/www.ledkaraib.com\/wp-content\/uploads\/2021\/08\/C7-01RG-15.jpg\" \/>\n\t<meta property=\"og:image:width\" content=\"508\" \/>\n\t<meta property=\"og:image:height\" content=\"510\" \/>\n\t<meta property=\"og:image:type\" content=\"image\/jpeg\" \/>\n<meta name=\"twitter:card\" content=\"summary_large_image\" \/>\n<script type=\"application\/ld+json\" class=\"yoast-schema-graph\">{\"@context\":\"https:\/\/schema.org\",\"@graph\":[{\"@type\":\"WebPage\",\"@id\":\"https:\/\/www.ledkaraib.com\/index.php\/produit\/livolo-mecanisme-prise-de-courant-champagne-avec-terre-2\/\",\"url\":\"https:\/\/www.ledkaraib.com\/index.php\/produit\/livolo-mecanisme-prise-de-courant-champagne-avec-terre-2\/\",\"name\":\"LIVOLO M\u00e9canisme prise de courant grise avec terre - Planete LED Solution d&#039;Eclairage LED\",\"isPartOf\":{\"@id\":\"https:\/\/www.ledkaraib.com\/#website\"},\"primaryImageOfPage\":{\"@id\":\"https:\/\/www.ledkaraib.com\/index.php\/produit\/livolo-mecanisme-prise-de-courant-champagne-avec-terre-2\/#primaryimage\"},\"image\":{\"@id\":\"https:\/\/www.ledkaraib.com\/index.php\/produit\/livolo-mecanisme-prise-de-courant-champagne-avec-terre-2\/#primaryimage\"},\"thumbnailUrl\":\"https:\/\/www.ledkaraib.com\/wp-content\/uploads\/2021\/08\/C7-01RG-15.jpg\",\"datePublished\":\"2021-08-29T21:35:27+00:00\",\"dateModified\":\"2024-09-09T19:09:48+00:00\",\"breadcrumb\":{\"@id\":\"https:\/\/www.ledkaraib.com\/index.php\/produit\/livolo-mecanisme-prise-de-courant-champagne-avec-terre-2\/#breadcrumb\"},\"inLanguage\":\"fr-FR\",\"potentialAction\":[{\"@type\":\"ReadAction\",\"target\":[\"https:\/\/www.ledkaraib.com\/index.php\/produit\/livolo-mecanisme-prise-de-courant-champagne-avec-terre-2\/\"]}]},{\"@type\":\"ImageObject\",\"inLanguage\":\"fr-FR\",\"@id\":\"https:\/\/www.ledkaraib.com\/index.php\/produit\/livolo-mecanisme-prise-de-courant-champagne-avec-terre-2\/#primaryimage\",\"url\":\"https:\/\/www.ledkaraib.com\/wp-content\/uploads\/2021\/08\/C7-01RG-15.jpg\",\"contentUrl\":\"https:\/\/www.ledkaraib.com\/wp-content\/uploads\/2021\/08\/C7-01RG-15.jpg\",\"width\":508,\"height\":510},{\"@type\":\"BreadcrumbList\",\"@id\":\"https:\/\/www.ledkaraib.com\/index.php\/produit\/livolo-mecanisme-prise-de-courant-champagne-avec-terre-2\/#breadcrumb\",\"itemListElement\":[{\"@type\":\"ListItem\",\"position\":1,\"name\":\"Accueil\",\"item\":\"https:\/\/www.ledkaraib.com\/\"},{\"@type\":\"ListItem\",\"position\":2,\"name\":\"Shop\",\"item\":\"https:\/\/www.ledkaraib.com\/index.php\/shop-3\/\"},{\"@type\":\"ListItem\",\"position\":3,\"name\":\"LIVOLO M\u00e9canisme prise de courant grise avec terre\"}]},{\"@type\":\"WebSite\",\"@id\":\"https:\/\/www.ledkaraib.com\/#website\",\"url\":\"https:\/\/www.ledkaraib.com\/\",\"name\":\"Planete LED Solution d&#039;Eclairage LED\",\"description\":\"\",\"potentialAction\":[{\"@type\":\"SearchAction\",\"target\":{\"@type\":\"EntryPoint\",\"urlTemplate\":\"https:\/\/www.ledkaraib.com\/?s={search_term_string}\"},\"query-input\":{\"@type\":\"PropertyValueSpecification\",\"valueRequired\":true,\"valueName\":\"search_term_string\"}}],\"inLanguage\":\"fr-FR\"}]}<\/script>\n<!-- \/ Yoast SEO plugin. -->","yoast_head_json":{"title":"LIVOLO M\u00e9canisme prise de courant grise avec terre - Planete LED Solution d&#039;Eclairage LED","robots":{"index":"index","follow":"follow","max-snippet":"max-snippet:-1","max-image-preview":"max-image-preview:large","max-video-preview":"max-video-preview:-1"},"canonical":"https:\/\/www.ledkaraib.com\/index.php\/produit\/livolo-mecanisme-prise-de-courant-champagne-avec-terre-2\/","og_locale":"fr_FR","og_type":"article","og_title":"LIVOLO M\u00e9canisme prise de courant grise avec terre - Planete LED Solution d&#039;Eclairage LED","og_description":"Interrupteur infrarouge. &#8211; Compatible avec toute bo\u00eete \u00e0 encastrer ronde standard prof. 40mm (fixation du m\u00e9canisme \u00e0 vis) Composition : Livr\u00e9 sans plaque de finition...","og_url":"https:\/\/www.ledkaraib.com\/index.php\/produit\/livolo-mecanisme-prise-de-courant-champagne-avec-terre-2\/","og_site_name":"Planete LED Solution d&#039;Eclairage LED","article_modified_time":"2024-09-09T19:09:48+00:00","og_image":[{"width":508,"height":510,"url":"https:\/\/www.ledkaraib.com\/wp-content\/uploads\/2021\/08\/C7-01RG-15.jpg","type":"image\/jpeg"}],"twitter_card":"summary_large_image","schema":{"@context":"https:\/\/schema.org","@graph":[{"@type":"WebPage","@id":"https:\/\/www.ledkaraib.com\/index.php\/produit\/livolo-mecanisme-prise-de-courant-champagne-avec-terre-2\/","url":"https:\/\/www.ledkaraib.com\/index.php\/produit\/livolo-mecanisme-prise-de-courant-champagne-avec-terre-2\/","name":"LIVOLO M\u00e9canisme prise de courant grise avec terre - Planete LED Solution d&#039;Eclairage LED","isPartOf":{"@id":"https:\/\/www.ledkaraib.com\/#website"},"primaryImageOfPage":{"@id":"https:\/\/www.ledkaraib.com\/index.php\/produit\/livolo-mecanisme-prise-de-courant-champagne-avec-terre-2\/#primaryimage"},"image":{"@id":"https:\/\/www.ledkaraib.com\/index.php\/produit\/livolo-mecanisme-prise-de-courant-champagne-avec-terre-2\/#primaryimage"},"thumbnailUrl":"https:\/\/www.ledkaraib.com\/wp-content\/uploads\/2021\/08\/C7-01RG-15.jpg","datePublished":"2021-08-29T21:35:27+00:00","dateModified":"2024-09-09T19:09:48+00:00","breadcrumb":{"@id":"https:\/\/www.ledkaraib.com\/index.php\/produit\/livolo-mecanisme-prise-de-courant-champagne-avec-terre-2\/#breadcrumb"},"inLanguage":"fr-FR","potentialAction":[{"@type":"ReadAction","target":["https:\/\/www.ledkaraib.com\/index.php\/produit\/livolo-mecanisme-prise-de-courant-champagne-avec-terre-2\/"]}]},{"@type":"ImageObject","inLanguage":"fr-FR","@id":"https:\/\/www.ledkaraib.com\/index.php\/produit\/livolo-mecanisme-prise-de-courant-champagne-avec-terre-2\/#primaryimage","url":"https:\/\/www.ledkaraib.com\/wp-content\/uploads\/2021\/08\/C7-01RG-15.jpg","contentUrl":"https:\/\/www.ledkaraib.com\/wp-content\/uploads\/2021\/08\/C7-01RG-15.jpg","width":508,"height":510},{"@type":"BreadcrumbList","@id":"https:\/\/www.ledkaraib.com\/index.php\/produit\/livolo-mecanisme-prise-de-courant-champagne-avec-terre-2\/#breadcrumb","itemListElement":[{"@type":"ListItem","position":1,"name":"Accueil","item":"https:\/\/www.ledkaraib.com\/"},{"@type":"ListItem","position":2,"name":"Shop","item":"https:\/\/www.ledkaraib.com\/index.php\/shop-3\/"},{"@type":"ListItem","position":3,"name":"LIVOLO M\u00e9canisme prise de courant grise avec terre"}]},{"@type":"WebSite","@id":"https:\/\/www.ledkaraib.com\/#website","url":"https:\/\/www.ledkaraib.com\/","name":"Planete LED Solution d&#039;Eclairage LED","description":"","potentialAction":[{"@type":"SearchAction","target":{"@type":"EntryPoint","urlTemplate":"https:\/\/www.ledkaraib.com\/?s={search_term_string}"},"query-input":{"@type":"PropertyValueSpecification","valueRequired":true,"valueName":"search_term_string"}}],"inLanguage":"fr-FR"}]}},"jetpack_sharing_enabled":true,"_links":{"self":[{"href":"https:\/\/www.ledkaraib.com\/index.php\/wp-json\/wp\/v2\/product\/28495","targetHints":{"allow":["GET"]}}],"collection":[{"href":"https:\/\/www.ledkaraib.com\/index.php\/wp-json\/wp\/v2\/product"}],"about":[{"href":"https:\/\/www.ledkaraib.com\/index.php\/wp-json\/wp\/v2\/types\/product"}],"version-history":[{"count":1,"href":"https:\/\/www.ledkaraib.com\/index.php\/wp-json\/wp\/v2\/product\/28495\/revisions"}],"predecessor-version":[{"id":46607,"href":"https:\/\/www.ledkaraib.com\/index.php\/wp-json\/wp\/v2\/product\/28495\/revisions\/46607"}],"wp:featuredmedia":[{"embeddable":true,"href":"https:\/\/www.ledkaraib.com\/index.php\/wp-json\/wp\/v2\/media\/28547"}],"wp:attachment":[{"href":"https:\/\/www.ledkaraib.com\/index.php\/wp-json\/wp\/v2\/media?parent=28495"}],"wp:term":[{"taxonomy":"brand","embeddable":true,"href":"https:\/\/www.ledkaraib.com\/index.php\/wp-json\/wp\/v2\/etheme_brands?post=28495"},{"taxonomy":"product_brand","embeddable":true,"href":"https:\/\/www.ledkaraib.com\/index.php\/wp-json\/wp\/v2\/product_brand?post=28495"},{"taxonomy":"product_cat","embeddable":true,"href":"https:\/\/www.ledkaraib.com\/index.php\/wp-json\/wp\/v2\/product_cat?post=28495"},{"taxonomy":"product_tag","embeddable":true,"href":"https:\/\/www.ledkaraib.com\/index.php\/wp-json\/wp\/v2\/product_tag?post=28495"}],"curies":[{"name":"wp","href":"https:\/\/api.w.org\/{rel}","templated":true}]}}