{"id":28625,"date":"2021-08-29T21:37:10","date_gmt":"2021-08-29T21:37:10","guid":{"rendered":"https:\/\/ledkaraib.fr\/?post_type=product&#038;p=28625"},"modified":"2021-08-29T21:37:30","modified_gmt":"2021-08-29T21:37:30","slug":"livolo-telecommande-tactile-noire-2","status":"publish","type":"product","link":"https:\/\/www.ledkaraib.com\/index.php\/produit\/livolo-telecommande-tactile-noire-2\/","title":{"rendered":"LIVOLO T\u00e9l\u00e9commande Tactile noire"},"content":{"rendered":"<p>T\u00e9l\u00e9commandez de fa\u00e7on centralis\u00e9e voire simultan\u00e9e, la marche et l\u2019arr\u00eat de tous vos interrupteur Livolo. Cette t\u00e9l\u00e9commande est compatible avec l\u2019ensemble des r\u00e9cepteurs de la gamme Livolo, vous permettant ainsi de cr\u00e9er une installation \u00e9volutive et parfaitement adapt\u00e9e \u00e0 votre habitation et \u00e0 vos besoins.<\/p>\n<p>T\u00e9l\u00e9commande<\/p>\n<p>Battery:  27A\/12V (pile non inclus)<br \/>\nFr\u00e9quence: 433.92MHz<br \/>\nPort\u00e9 : 20 m\u00e8tres<\/p>\n","protected":false},"excerpt":{"rendered":"<p>T\u00e9l\u00e9commandez de fa\u00e7on centralis\u00e9e voire simultan\u00e9e, la marche et l\u2019arr\u00eat de tous vos interrupteur Livolo. Cette t\u00e9l\u00e9commande est compatible avec l\u2019ensemble des r\u00e9cepteurs de la&#8230;<\/p>\n","protected":false},"featured_media":28654,"template":"","meta":{"content-type":""},"etheme_brands":[],"product_brand":[],"product_cat":[503],"product_tag":[],"class_list":{"0":"post-28625","1":"product","2":"type-product","3":"status-publish","4":"has-post-thumbnail","6":"product_cat-accessoires-livolo","8":"first","9":"instock","10":"taxable","11":"shipping-taxable","12":"purchasable","13":"product-type-simple"},"yoast_head":"<!-- This site is optimized with the Yoast SEO plugin v26.0 - https:\/\/yoast.com\/wordpress\/plugins\/seo\/ -->\n<title>LIVOLO T\u00e9l\u00e9commande Tactile noire - Planete LED Solution d&#039;Eclairage LED<\/title>\n<meta name=\"robots\" content=\"index, follow, max-snippet:-1, max-image-preview:large, max-video-preview:-1\" \/>\n<link rel=\"canonical\" href=\"https:\/\/www.ledkaraib.com\/index.php\/produit\/livolo-telecommande-tactile-noire-2\/\" \/>\n<meta property=\"og:locale\" content=\"fr_FR\" \/>\n<meta property=\"og:type\" content=\"article\" \/>\n<meta property=\"og:title\" content=\"LIVOLO T\u00e9l\u00e9commande Tactile noire - Planete LED Solution d&#039;Eclairage LED\" \/>\n<meta property=\"og:description\" content=\"T\u00e9l\u00e9commandez de fa\u00e7on centralis\u00e9e voire simultan\u00e9e, la marche et l\u2019arr\u00eat de tous vos interrupteur Livolo. Cette t\u00e9l\u00e9commande est compatible avec l\u2019ensemble des r\u00e9cepteurs de la...\" \/>\n<meta property=\"og:url\" content=\"https:\/\/www.ledkaraib.com\/index.php\/produit\/livolo-telecommande-tactile-noire-2\/\" \/>\n<meta property=\"og:site_name\" content=\"Planete LED Solution d&#039;Eclairage LED\" \/>\n<meta property=\"article:modified_time\" content=\"2021-08-29T21:37:30+00:00\" \/>\n<meta property=\"og:image\" content=\"https:\/\/www.ledkaraib.com\/wp-content\/uploads\/2021\/08\/vl-rmt-02.jpg\" \/>\n\t<meta property=\"og:image:width\" content=\"225\" \/>\n\t<meta property=\"og:image:height\" content=\"225\" \/>\n\t<meta property=\"og:image:type\" content=\"image\/jpeg\" \/>\n<meta name=\"twitter:card\" content=\"summary_large_image\" \/>\n<script type=\"application\/ld+json\" class=\"yoast-schema-graph\">{\"@context\":\"https:\/\/schema.org\",\"@graph\":[{\"@type\":\"WebPage\",\"@id\":\"https:\/\/www.ledkaraib.com\/index.php\/produit\/livolo-telecommande-tactile-noire-2\/\",\"url\":\"https:\/\/www.ledkaraib.com\/index.php\/produit\/livolo-telecommande-tactile-noire-2\/\",\"name\":\"LIVOLO T\u00e9l\u00e9commande Tactile noire - Planete LED Solution d&#039;Eclairage LED\",\"isPartOf\":{\"@id\":\"https:\/\/www.ledkaraib.com\/#website\"},\"primaryImageOfPage\":{\"@id\":\"https:\/\/www.ledkaraib.com\/index.php\/produit\/livolo-telecommande-tactile-noire-2\/#primaryimage\"},\"image\":{\"@id\":\"https:\/\/www.ledkaraib.com\/index.php\/produit\/livolo-telecommande-tactile-noire-2\/#primaryimage\"},\"thumbnailUrl\":\"https:\/\/www.ledkaraib.com\/wp-content\/uploads\/2021\/08\/vl-rmt-02.jpg\",\"datePublished\":\"2021-08-29T21:37:10+00:00\",\"dateModified\":\"2021-08-29T21:37:30+00:00\",\"breadcrumb\":{\"@id\":\"https:\/\/www.ledkaraib.com\/index.php\/produit\/livolo-telecommande-tactile-noire-2\/#breadcrumb\"},\"inLanguage\":\"fr-FR\",\"potentialAction\":[{\"@type\":\"ReadAction\",\"target\":[\"https:\/\/www.ledkaraib.com\/index.php\/produit\/livolo-telecommande-tactile-noire-2\/\"]}]},{\"@type\":\"ImageObject\",\"inLanguage\":\"fr-FR\",\"@id\":\"https:\/\/www.ledkaraib.com\/index.php\/produit\/livolo-telecommande-tactile-noire-2\/#primaryimage\",\"url\":\"https:\/\/www.ledkaraib.com\/wp-content\/uploads\/2021\/08\/vl-rmt-02.jpg\",\"contentUrl\":\"https:\/\/www.ledkaraib.com\/wp-content\/uploads\/2021\/08\/vl-rmt-02.jpg\",\"width\":225,\"height\":225},{\"@type\":\"BreadcrumbList\",\"@id\":\"https:\/\/www.ledkaraib.com\/index.php\/produit\/livolo-telecommande-tactile-noire-2\/#breadcrumb\",\"itemListElement\":[{\"@type\":\"ListItem\",\"position\":1,\"name\":\"Accueil\",\"item\":\"https:\/\/www.ledkaraib.com\/\"},{\"@type\":\"ListItem\",\"position\":2,\"name\":\"Shop\",\"item\":\"https:\/\/www.ledkaraib.com\/index.php\/shop-3\/\"},{\"@type\":\"ListItem\",\"position\":3,\"name\":\"LIVOLO T\u00e9l\u00e9commande Tactile noire\"}]},{\"@type\":\"WebSite\",\"@id\":\"https:\/\/www.ledkaraib.com\/#website\",\"url\":\"https:\/\/www.ledkaraib.com\/\",\"name\":\"Planete LED Solution d&#039;Eclairage LED\",\"description\":\"\",\"potentialAction\":[{\"@type\":\"SearchAction\",\"target\":{\"@type\":\"EntryPoint\",\"urlTemplate\":\"https:\/\/www.ledkaraib.com\/?s={search_term_string}\"},\"query-input\":{\"@type\":\"PropertyValueSpecification\",\"valueRequired\":true,\"valueName\":\"search_term_string\"}}],\"inLanguage\":\"fr-FR\"}]}<\/script>\n<!-- \/ Yoast SEO plugin. -->","yoast_head_json":{"title":"LIVOLO T\u00e9l\u00e9commande Tactile noire - Planete LED Solution d&#039;Eclairage LED","robots":{"index":"index","follow":"follow","max-snippet":"max-snippet:-1","max-image-preview":"max-image-preview:large","max-video-preview":"max-video-preview:-1"},"canonical":"https:\/\/www.ledkaraib.com\/index.php\/produit\/livolo-telecommande-tactile-noire-2\/","og_locale":"fr_FR","og_type":"article","og_title":"LIVOLO T\u00e9l\u00e9commande Tactile noire - Planete LED Solution d&#039;Eclairage LED","og_description":"T\u00e9l\u00e9commandez de fa\u00e7on centralis\u00e9e voire simultan\u00e9e, la marche et l\u2019arr\u00eat de tous vos interrupteur Livolo. Cette t\u00e9l\u00e9commande est compatible avec l\u2019ensemble des r\u00e9cepteurs de la...","og_url":"https:\/\/www.ledkaraib.com\/index.php\/produit\/livolo-telecommande-tactile-noire-2\/","og_site_name":"Planete LED Solution d&#039;Eclairage LED","article_modified_time":"2021-08-29T21:37:30+00:00","og_image":[{"width":225,"height":225,"url":"https:\/\/www.ledkaraib.com\/wp-content\/uploads\/2021\/08\/vl-rmt-02.jpg","type":"image\/jpeg"}],"twitter_card":"summary_large_image","schema":{"@context":"https:\/\/schema.org","@graph":[{"@type":"WebPage","@id":"https:\/\/www.ledkaraib.com\/index.php\/produit\/livolo-telecommande-tactile-noire-2\/","url":"https:\/\/www.ledkaraib.com\/index.php\/produit\/livolo-telecommande-tactile-noire-2\/","name":"LIVOLO T\u00e9l\u00e9commande Tactile noire - Planete LED Solution d&#039;Eclairage LED","isPartOf":{"@id":"https:\/\/www.ledkaraib.com\/#website"},"primaryImageOfPage":{"@id":"https:\/\/www.ledkaraib.com\/index.php\/produit\/livolo-telecommande-tactile-noire-2\/#primaryimage"},"image":{"@id":"https:\/\/www.ledkaraib.com\/index.php\/produit\/livolo-telecommande-tactile-noire-2\/#primaryimage"},"thumbnailUrl":"https:\/\/www.ledkaraib.com\/wp-content\/uploads\/2021\/08\/vl-rmt-02.jpg","datePublished":"2021-08-29T21:37:10+00:00","dateModified":"2021-08-29T21:37:30+00:00","breadcrumb":{"@id":"https:\/\/www.ledkaraib.com\/index.php\/produit\/livolo-telecommande-tactile-noire-2\/#breadcrumb"},"inLanguage":"fr-FR","potentialAction":[{"@type":"ReadAction","target":["https:\/\/www.ledkaraib.com\/index.php\/produit\/livolo-telecommande-tactile-noire-2\/"]}]},{"@type":"ImageObject","inLanguage":"fr-FR","@id":"https:\/\/www.ledkaraib.com\/index.php\/produit\/livolo-telecommande-tactile-noire-2\/#primaryimage","url":"https:\/\/www.ledkaraib.com\/wp-content\/uploads\/2021\/08\/vl-rmt-02.jpg","contentUrl":"https:\/\/www.ledkaraib.com\/wp-content\/uploads\/2021\/08\/vl-rmt-02.jpg","width":225,"height":225},{"@type":"BreadcrumbList","@id":"https:\/\/www.ledkaraib.com\/index.php\/produit\/livolo-telecommande-tactile-noire-2\/#breadcrumb","itemListElement":[{"@type":"ListItem","position":1,"name":"Accueil","item":"https:\/\/www.ledkaraib.com\/"},{"@type":"ListItem","position":2,"name":"Shop","item":"https:\/\/www.ledkaraib.com\/index.php\/shop-3\/"},{"@type":"ListItem","position":3,"name":"LIVOLO T\u00e9l\u00e9commande Tactile noire"}]},{"@type":"WebSite","@id":"https:\/\/www.ledkaraib.com\/#website","url":"https:\/\/www.ledkaraib.com\/","name":"Planete LED Solution d&#039;Eclairage LED","description":"","potentialAction":[{"@type":"SearchAction","target":{"@type":"EntryPoint","urlTemplate":"https:\/\/www.ledkaraib.com\/?s={search_term_string}"},"query-input":{"@type":"PropertyValueSpecification","valueRequired":true,"valueName":"search_term_string"}}],"inLanguage":"fr-FR"}]}},"jetpack_sharing_enabled":true,"_links":{"self":[{"href":"https:\/\/www.ledkaraib.com\/index.php\/wp-json\/wp\/v2\/product\/28625","targetHints":{"allow":["GET"]}}],"collection":[{"href":"https:\/\/www.ledkaraib.com\/index.php\/wp-json\/wp\/v2\/product"}],"about":[{"href":"https:\/\/www.ledkaraib.com\/index.php\/wp-json\/wp\/v2\/types\/product"}],"version-history":[{"count":0,"href":"https:\/\/www.ledkaraib.com\/index.php\/wp-json\/wp\/v2\/product\/28625\/revisions"}],"wp:featuredmedia":[{"embeddable":true,"href":"https:\/\/www.ledkaraib.com\/index.php\/wp-json\/wp\/v2\/media\/28654"}],"wp:attachment":[{"href":"https:\/\/www.ledkaraib.com\/index.php\/wp-json\/wp\/v2\/media?parent=28625"}],"wp:term":[{"taxonomy":"brand","embeddable":true,"href":"https:\/\/www.ledkaraib.com\/index.php\/wp-json\/wp\/v2\/etheme_brands?post=28625"},{"taxonomy":"product_brand","embeddable":true,"href":"https:\/\/www.ledkaraib.com\/index.php\/wp-json\/wp\/v2\/product_brand?post=28625"},{"taxonomy":"product_cat","embeddable":true,"href":"https:\/\/www.ledkaraib.com\/index.php\/wp-json\/wp\/v2\/product_cat?post=28625"},{"taxonomy":"product_tag","embeddable":true,"href":"https:\/\/www.ledkaraib.com\/index.php\/wp-json\/wp\/v2\/product_tag?post=28625"}],"curies":[{"name":"wp","href":"https:\/\/api.w.org\/{rel}","templated":true}]}}