{"id":28903,"date":"2021-08-29T21:39:58","date_gmt":"2021-08-29T21:39:58","guid":{"rendered":"https:\/\/ledkaraib.fr\/?post_type=product&#038;p=28903"},"modified":"2024-08-29T11:29:13","modified_gmt":"2024-08-29T15:29:13","slug":"cable-ho5vv-f-3g15-gris-rlx50m","status":"publish","type":"product","link":"https:\/\/www.ledkaraib.com\/produit\/cable-ho5vv-f-3g15-gris-rlx50m\/","title":{"rendered":"C\u00e2ble HO5VV-F 3G1,5 GRIS RLX50M"},"content":{"rendered":"<div class=\"m-item-description\">\n<h2 class=\"o-tabs-panel-title\">Le\u00a0<strong>c\u00e2ble HO5VVF 3 x 1,5 mm\u00b2 coloris gris 50 m<\/strong>\u00a0isol\u00e9 et gain\u00e9 en PVC est un c\u00e2ble souple utilis\u00e9 dans les r\u00e9seaux \u00e9lectriques domestiques.<\/p>\n<p>Il est principalement utilis\u00e9 pour l&rsquo;alimentation d&rsquo;appareils \u00e9lectro-domestiques divers, mobiles ou semi-mobiles.<\/p>\n<p>Compos\u00e9 de 3 con<\/h2>\n<div class=\"o-tabs-panel-title\">ducteurs de section 1,5 mm\u00b2, le c\u00e2ble souple facile \u00e0 mettre en oeuvre, est destin\u00e9 pour \u00e9lectrifi\u00e9 tous les appareils \u00e9lectrom\u00e9nagers ou \u00e9lectroportatifs avec terre jusqu&rsquo;\u00e0 3680 W (Eclairage, r\u00e9frig\u00e9rateur, radiateur d&rsquo;appoint, aspirateur, perceuse \u00e9lectrique, VMC&#8230;)<\/p>\n<p>La section des fils joue un r\u00f4le essentiel dans la s\u00e9curit\u00e9 d&rsquo;une installation \u00e9lectrique. Elle va d\u00e9pendre de plusieurs facteurs : l&rsquo;intensit\u00e9, la puissance et la longueur de c\u00e2ble pr\u00e9vue.<\/p><\/div>\n<\/div>\n<div class=\"m-item-description\">\n<h3 class=\"m-item-description-title\">Les + produit<\/h3>\n<div>\n<p>Les avantages de ce produit sont :<br \/>\n&#8211; Facile \u00e0 d\u00e9nuder et \u00e0 courber.<br \/>\n&#8211; C\u00e2ble \u00e9lectrique avec 3 conducteurs souples classe 5, r\u00e9unis dans une gaine protectrice isolante en PVC.<\/p>\n<\/div>\n<\/div>\n<div class=\"m-item-description\">\n<h3 class=\"m-item-description-title\">Composition<\/h3>\n<div>\n<p>cuivre, PVC<\/p>\n<\/div>\n<\/div>\n<div class=\"m-item-description\">\n<h3 class=\"m-item-description-title\">Caract\u00e9ristiques principales<\/h3>\n<ul class=\"m-list m-list-vertical\" data-v-3b78393b=\"\">\n<li class=\"m-list-item\" data-v-3b78393b=\"\">\n<div data-v-3b78393b=\"\"><span class=\"a-color-gray\">Longueur &#8211;\u00a0<\/span>50.00 m<\/div>\n<\/li>\n<li class=\"m-list-item\" data-v-3b78393b=\"\">\n<div data-v-3b78393b=\"\"><span class=\"a-color-gray\">Autre norme &#8211;\u00a0<\/span>Comportement au feu NFC 32-070 2.1 cat. C2<\/div>\n<\/li>\n<li class=\"m-list-item\" data-v-3b78393b=\"\">\n<div data-v-3b78393b=\"\"><span class=\"a-color-gray\">Polarit\u00e9 rep\u00e9r\u00e9e &#8211;\u00a0<\/span>Oui<\/div>\n<\/li>\n<li class=\"m-list-item\" data-v-3b78393b=\"\">\n<div data-v-3b78393b=\"\"><span class=\"a-color-gray\">Section &#8211;\u00a0<\/span>1.50 mm\u00b2<\/div>\n<\/li>\n<\/ul>\n<\/div>\n<div class=\"m-item-description\">\n<h3 class=\"m-item-description-title\">Conditions d&rsquo;utilisation<\/h3>\n<div>\n<p>Pour une installation en int\u00e9rieur en pose encastr\u00e9e : le c\u00e2ble doit \u00eatre prot\u00e9g\u00e9 par une gaine ICTA.<br \/>\nPour une installation en int\u00e9rieur en pose saillie : le c\u00e2ble est autoris\u00e9 en fixation direct, sous moulure ou tube IRL.<br \/>\nPour une installation en pose enterr\u00e9e : la protection du c\u00e2ble H05VV-F doit \u00eatre assur\u00e9 par une gaine ICTA ou TPC.<\/p>\n<\/div>\n<\/div>\n<div class=\"m-item-description\">\n<h3 class=\"m-item-description-title\">Dur\u00e9e de garantie<\/h3>\n<div>\n<p>2 ans<\/p>\n<\/div>\n<\/div>\n<div class=\"m-item-description\">\n<h3 class=\"m-item-description-title\">Restrictions d&rsquo;usage<\/h3>\n<div>\n<p>Leur utilisation pour l&rsquo;alimentation des appareils de chauffage et cuisson n&rsquo;est possible que si les c\u00e2bles ne sont pas soumis aux rayonnements, ou en contact avec des parties chaudes.<br \/>\nInterdiction d&rsquo;enterrer le c\u00e2ble sans une protection m\u00e9canique : gaine ICTA ou gaine TPC<\/p>\n<\/div>\n<\/div>\n<div class=\"m-item-description a-line-height-normal\">\n<h3 class=\"m-item-description-title\">Descriptif compl\u00e9mentaire<\/h3>\n<div>\n<p>\u00c2me en service : 60\u00b0C maximum en r\u00e9gime normal et 150\u00b0C maximum en court circuit.<br \/>\nA la surface du c\u00e2ble : 50\u00b0C maximum.<br \/>\nTransport, installation et manutention : 5\u00b0C minimum.<br \/>\nTension 300\/500V.<br \/>\nNormes internationales :<br \/>\nEN 50525-2-11<br \/>\nHD 21.5<br \/>\nIEC 60227-53<\/p>\n<\/div>\n<\/div>\n","protected":false},"excerpt":{"rendered":"<p>Le\u00a0c\u00e2ble HO5VVF 3 x 1,5 mm\u00b2 coloris gris 50 m\u00a0isol\u00e9 et gain\u00e9 en PVC est un c\u00e2ble souple utilis\u00e9 dans les r\u00e9seaux \u00e9lectriques domestiques. Il est principalement utilis\u00e9 pour l&rsquo;alimentation d&rsquo;appareils \u00e9lectro-domestiques divers, mobiles ou semi-mobiles. Compos\u00e9 de 3 con ducteurs de section 1,5 mm\u00b2, le c\u00e2ble souple facile \u00e0 mettre en oeuvre, est destin\u00e9 [&hellip;]<\/p>\n","protected":false},"featured_media":28929,"template":"","meta":[],"product_brand":[],"product_cat":[327],"product_tag":[],"class_list":{"0":"post-28903","1":"product","2":"type-product","3":"status-publish","4":"has-post-thumbnail","6":"product_cat-fils-cables","8":"first","9":"instock","10":"taxable","11":"shipping-taxable","12":"purchasable","13":"product-type-simple"},"yoast_head":"<!-- This site is optimized with the Yoast SEO plugin v27.5 - https:\/\/yoast.com\/product\/yoast-seo-wordpress\/ -->\n<title>C\u00e2ble HO5VV-F 3G1,5 GRIS RLX50M - Planete LED Solution d&#039;Eclairage LED<\/title>\n<meta name=\"robots\" content=\"index, follow, max-snippet:-1, max-image-preview:large, max-video-preview:-1\" \/>\n<link rel=\"canonical\" href=\"https:\/\/www.ledkaraib.com\/produit\/cable-ho5vv-f-3g15-gris-rlx50m\/\" \/>\n<meta property=\"og:locale\" content=\"fr_FR\" \/>\n<meta property=\"og:type\" content=\"article\" \/>\n<meta property=\"og:title\" content=\"C\u00e2ble HO5VV-F 3G1,5 GRIS RLX50M - Planete LED Solution d&#039;Eclairage LED\" \/>\n<meta property=\"og:description\" content=\"Le\u00a0c\u00e2ble HO5VVF 3 x 1,5 mm\u00b2 coloris gris 50 m\u00a0isol\u00e9 et gain\u00e9 en PVC est un c\u00e2ble souple utilis\u00e9 dans les r\u00e9seaux \u00e9lectriques domestiques. Il est principalement utilis\u00e9 pour l&rsquo;alimentation d&rsquo;appareils \u00e9lectro-domestiques divers, mobiles ou semi-mobiles. Compos\u00e9 de 3 con ducteurs de section 1,5 mm\u00b2, le c\u00e2ble souple facile \u00e0 mettre en oeuvre, est destin\u00e9 [&hellip;]\" \/>\n<meta property=\"og:url\" content=\"https:\/\/www.ledkaraib.com\/produit\/cable-ho5vv-f-3g15-gris-rlx50m\/\" \/>\n<meta property=\"og:site_name\" content=\"Planete LED Solution d&#039;Eclairage LED\" \/>\n<meta property=\"article:modified_time\" content=\"2024-08-29T15:29:13+00:00\" \/>\n<meta property=\"og:image\" content=\"https:\/\/www.ledkaraib.com\/wp-content\/uploads\/2021\/08\/111413.jpg\" \/>\n\t<meta property=\"og:image:width\" content=\"400\" \/>\n\t<meta property=\"og:image:height\" content=\"400\" \/>\n\t<meta property=\"og:image:type\" content=\"image\/jpeg\" \/>\n<meta name=\"twitter:card\" content=\"summary_large_image\" \/>\n<meta name=\"twitter:label1\" content=\"Dur\u00e9e de lecture estim\u00e9e\" \/>\n\t<meta name=\"twitter:data1\" content=\"2 minutes\" \/>\n<script type=\"application\/ld+json\" class=\"yoast-schema-graph\">{\"@context\":\"https:\\\/\\\/schema.org\",\"@graph\":[{\"@type\":\"WebPage\",\"@id\":\"https:\\\/\\\/www.ledkaraib.com\\\/produit\\\/cable-ho5vv-f-3g15-gris-rlx50m\\\/\",\"url\":\"https:\\\/\\\/www.ledkaraib.com\\\/produit\\\/cable-ho5vv-f-3g15-gris-rlx50m\\\/\",\"name\":\"C\u00e2ble HO5VV-F 3G1,5 GRIS RLX50M - Planete LED Solution d&#039;Eclairage LED\",\"isPartOf\":{\"@id\":\"https:\\\/\\\/www.ledkaraib.com\\\/#website\"},\"primaryImageOfPage\":{\"@id\":\"https:\\\/\\\/www.ledkaraib.com\\\/produit\\\/cable-ho5vv-f-3g15-gris-rlx50m\\\/#primaryimage\"},\"image\":{\"@id\":\"https:\\\/\\\/www.ledkaraib.com\\\/produit\\\/cable-ho5vv-f-3g15-gris-rlx50m\\\/#primaryimage\"},\"thumbnailUrl\":\"https:\\\/\\\/www.ledkaraib.com\\\/wp-content\\\/uploads\\\/2021\\\/08\\\/111413.jpg\",\"datePublished\":\"2021-08-29T21:39:58+00:00\",\"dateModified\":\"2024-08-29T15:29:13+00:00\",\"breadcrumb\":{\"@id\":\"https:\\\/\\\/www.ledkaraib.com\\\/produit\\\/cable-ho5vv-f-3g15-gris-rlx50m\\\/#breadcrumb\"},\"inLanguage\":\"fr-FR\",\"potentialAction\":[{\"@type\":\"ReadAction\",\"target\":[\"https:\\\/\\\/www.ledkaraib.com\\\/produit\\\/cable-ho5vv-f-3g15-gris-rlx50m\\\/\"]}]},{\"@type\":\"ImageObject\",\"inLanguage\":\"fr-FR\",\"@id\":\"https:\\\/\\\/www.ledkaraib.com\\\/produit\\\/cable-ho5vv-f-3g15-gris-rlx50m\\\/#primaryimage\",\"url\":\"https:\\\/\\\/www.ledkaraib.com\\\/wp-content\\\/uploads\\\/2021\\\/08\\\/111413.jpg\",\"contentUrl\":\"https:\\\/\\\/www.ledkaraib.com\\\/wp-content\\\/uploads\\\/2021\\\/08\\\/111413.jpg\",\"width\":400,\"height\":400},{\"@type\":\"BreadcrumbList\",\"@id\":\"https:\\\/\\\/www.ledkaraib.com\\\/produit\\\/cable-ho5vv-f-3g15-gris-rlx50m\\\/#breadcrumb\",\"itemListElement\":[{\"@type\":\"ListItem\",\"position\":1,\"name\":\"Accueil\",\"item\":\"https:\\\/\\\/www.ledkaraib.com\\\/\"},{\"@type\":\"ListItem\",\"position\":2,\"name\":\"Shop\",\"item\":\"https:\\\/\\\/www.ledkaraib.com\\\/index.php\\\/shop-3\\\/\"},{\"@type\":\"ListItem\",\"position\":3,\"name\":\"C\u00e2ble HO5VV-F 3G1,5 GRIS RLX50M\"}]},{\"@type\":\"WebSite\",\"@id\":\"https:\\\/\\\/www.ledkaraib.com\\\/#website\",\"url\":\"https:\\\/\\\/www.ledkaraib.com\\\/\",\"name\":\"Planete LED Solution d&#039;Eclairage LED\",\"description\":\"\",\"publisher\":{\"@id\":\"https:\\\/\\\/www.ledkaraib.com\\\/#organization\"},\"potentialAction\":[{\"@type\":\"SearchAction\",\"target\":{\"@type\":\"EntryPoint\",\"urlTemplate\":\"https:\\\/\\\/www.ledkaraib.com\\\/?s={search_term_string}\"},\"query-input\":{\"@type\":\"PropertyValueSpecification\",\"valueRequired\":true,\"valueName\":\"search_term_string\"}}],\"inLanguage\":\"fr-FR\"},{\"@type\":\"Organization\",\"@id\":\"https:\\\/\\\/www.ledkaraib.com\\\/#organization\",\"name\":\"Planete LED Solution d&#039;Eclairage LED\",\"url\":\"https:\\\/\\\/www.ledkaraib.com\\\/\",\"logo\":{\"@type\":\"ImageObject\",\"inLanguage\":\"fr-FR\",\"@id\":\"https:\\\/\\\/www.ledkaraib.com\\\/#\\\/schema\\\/logo\\\/image\\\/\",\"url\":\"https:\\\/\\\/www.ledkaraib.com\\\/wp-content\\\/uploads\\\/2021\\\/10\\\/cropped-LOGO-1.png\",\"contentUrl\":\"https:\\\/\\\/www.ledkaraib.com\\\/wp-content\\\/uploads\\\/2021\\\/10\\\/cropped-LOGO-1.png\",\"width\":900,\"height\":153,\"caption\":\"Planete LED Solution d&#039;Eclairage LED\"},\"image\":{\"@id\":\"https:\\\/\\\/www.ledkaraib.com\\\/#\\\/schema\\\/logo\\\/image\\\/\"}}]}<\/script>\n<!-- \/ Yoast SEO plugin. -->","yoast_head_json":{"title":"C\u00e2ble HO5VV-F 3G1,5 GRIS RLX50M - Planete LED Solution d&#039;Eclairage LED","robots":{"index":"index","follow":"follow","max-snippet":"max-snippet:-1","max-image-preview":"max-image-preview:large","max-video-preview":"max-video-preview:-1"},"canonical":"https:\/\/www.ledkaraib.com\/produit\/cable-ho5vv-f-3g15-gris-rlx50m\/","og_locale":"fr_FR","og_type":"article","og_title":"C\u00e2ble HO5VV-F 3G1,5 GRIS RLX50M - Planete LED Solution d&#039;Eclairage LED","og_description":"Le\u00a0c\u00e2ble HO5VVF 3 x 1,5 mm\u00b2 coloris gris 50 m\u00a0isol\u00e9 et gain\u00e9 en PVC est un c\u00e2ble souple utilis\u00e9 dans les r\u00e9seaux \u00e9lectriques domestiques. Il est principalement utilis\u00e9 pour l&rsquo;alimentation d&rsquo;appareils \u00e9lectro-domestiques divers, mobiles ou semi-mobiles. Compos\u00e9 de 3 con ducteurs de section 1,5 mm\u00b2, le c\u00e2ble souple facile \u00e0 mettre en oeuvre, est destin\u00e9 [&hellip;]","og_url":"https:\/\/www.ledkaraib.com\/produit\/cable-ho5vv-f-3g15-gris-rlx50m\/","og_site_name":"Planete LED Solution d&#039;Eclairage LED","article_modified_time":"2024-08-29T15:29:13+00:00","og_image":[{"width":400,"height":400,"url":"https:\/\/www.ledkaraib.com\/wp-content\/uploads\/2021\/08\/111413.jpg","type":"image\/jpeg"}],"twitter_card":"summary_large_image","twitter_misc":{"Dur\u00e9e de lecture estim\u00e9e":"2 minutes"},"schema":{"@context":"https:\/\/schema.org","@graph":[{"@type":"WebPage","@id":"https:\/\/www.ledkaraib.com\/produit\/cable-ho5vv-f-3g15-gris-rlx50m\/","url":"https:\/\/www.ledkaraib.com\/produit\/cable-ho5vv-f-3g15-gris-rlx50m\/","name":"C\u00e2ble HO5VV-F 3G1,5 GRIS RLX50M - Planete LED Solution d&#039;Eclairage LED","isPartOf":{"@id":"https:\/\/www.ledkaraib.com\/#website"},"primaryImageOfPage":{"@id":"https:\/\/www.ledkaraib.com\/produit\/cable-ho5vv-f-3g15-gris-rlx50m\/#primaryimage"},"image":{"@id":"https:\/\/www.ledkaraib.com\/produit\/cable-ho5vv-f-3g15-gris-rlx50m\/#primaryimage"},"thumbnailUrl":"https:\/\/www.ledkaraib.com\/wp-content\/uploads\/2021\/08\/111413.jpg","datePublished":"2021-08-29T21:39:58+00:00","dateModified":"2024-08-29T15:29:13+00:00","breadcrumb":{"@id":"https:\/\/www.ledkaraib.com\/produit\/cable-ho5vv-f-3g15-gris-rlx50m\/#breadcrumb"},"inLanguage":"fr-FR","potentialAction":[{"@type":"ReadAction","target":["https:\/\/www.ledkaraib.com\/produit\/cable-ho5vv-f-3g15-gris-rlx50m\/"]}]},{"@type":"ImageObject","inLanguage":"fr-FR","@id":"https:\/\/www.ledkaraib.com\/produit\/cable-ho5vv-f-3g15-gris-rlx50m\/#primaryimage","url":"https:\/\/www.ledkaraib.com\/wp-content\/uploads\/2021\/08\/111413.jpg","contentUrl":"https:\/\/www.ledkaraib.com\/wp-content\/uploads\/2021\/08\/111413.jpg","width":400,"height":400},{"@type":"BreadcrumbList","@id":"https:\/\/www.ledkaraib.com\/produit\/cable-ho5vv-f-3g15-gris-rlx50m\/#breadcrumb","itemListElement":[{"@type":"ListItem","position":1,"name":"Accueil","item":"https:\/\/www.ledkaraib.com\/"},{"@type":"ListItem","position":2,"name":"Shop","item":"https:\/\/www.ledkaraib.com\/index.php\/shop-3\/"},{"@type":"ListItem","position":3,"name":"C\u00e2ble HO5VV-F 3G1,5 GRIS RLX50M"}]},{"@type":"WebSite","@id":"https:\/\/www.ledkaraib.com\/#website","url":"https:\/\/www.ledkaraib.com\/","name":"Planete LED Solution d&#039;Eclairage LED","description":"","publisher":{"@id":"https:\/\/www.ledkaraib.com\/#organization"},"potentialAction":[{"@type":"SearchAction","target":{"@type":"EntryPoint","urlTemplate":"https:\/\/www.ledkaraib.com\/?s={search_term_string}"},"query-input":{"@type":"PropertyValueSpecification","valueRequired":true,"valueName":"search_term_string"}}],"inLanguage":"fr-FR"},{"@type":"Organization","@id":"https:\/\/www.ledkaraib.com\/#organization","name":"Planete LED Solution d&#039;Eclairage LED","url":"https:\/\/www.ledkaraib.com\/","logo":{"@type":"ImageObject","inLanguage":"fr-FR","@id":"https:\/\/www.ledkaraib.com\/#\/schema\/logo\/image\/","url":"https:\/\/www.ledkaraib.com\/wp-content\/uploads\/2021\/10\/cropped-LOGO-1.png","contentUrl":"https:\/\/www.ledkaraib.com\/wp-content\/uploads\/2021\/10\/cropped-LOGO-1.png","width":900,"height":153,"caption":"Planete LED Solution d&#039;Eclairage LED"},"image":{"@id":"https:\/\/www.ledkaraib.com\/#\/schema\/logo\/image\/"}}]}},"jetpack_sharing_enabled":true,"_links":{"self":[{"href":"https:\/\/www.ledkaraib.com\/wp-json\/wp\/v2\/product\/28903","targetHints":{"allow":["GET"]}}],"collection":[{"href":"https:\/\/www.ledkaraib.com\/wp-json\/wp\/v2\/product"}],"about":[{"href":"https:\/\/www.ledkaraib.com\/wp-json\/wp\/v2\/types\/product"}],"version-history":[{"count":1,"href":"https:\/\/www.ledkaraib.com\/wp-json\/wp\/v2\/product\/28903\/revisions"}],"predecessor-version":[{"id":47741,"href":"https:\/\/www.ledkaraib.com\/wp-json\/wp\/v2\/product\/28903\/revisions\/47741"}],"wp:featuredmedia":[{"embeddable":true,"href":"https:\/\/www.ledkaraib.com\/wp-json\/wp\/v2\/media\/28929"}],"wp:attachment":[{"href":"https:\/\/www.ledkaraib.com\/wp-json\/wp\/v2\/media?parent=28903"}],"wp:term":[{"taxonomy":"product_brand","embeddable":true,"href":"https:\/\/www.ledkaraib.com\/wp-json\/wp\/v2\/product_brand?post=28903"},{"taxonomy":"product_cat","embeddable":true,"href":"https:\/\/www.ledkaraib.com\/wp-json\/wp\/v2\/product_cat?post=28903"},{"taxonomy":"product_tag","embeddable":true,"href":"https:\/\/www.ledkaraib.com\/wp-json\/wp\/v2\/product_tag?post=28903"}],"curies":[{"name":"wp","href":"https:\/\/api.w.org\/{rel}","templated":true}]}}